{"id":13985,"date":"2024-07-18T10:14:53","date_gmt":"2024-07-18T08:14:53","guid":{"rendered":"https:\/\/szkoladucha.pl\/duchowosc\/?post_type=product&#038;p=13985"},"modified":"2025-01-02T15:37:11","modified_gmt":"2025-01-02T14:37:11","slug":"program-max","status":"publish","type":"product","link":"https:\/\/szkoladucha.pl\/duchowosc\/produkt\/program-max\/","title":{"rendered":"Program MAX \u2013 jednorazowa p\u0142atno\u015b\u0107"},"content":{"rendered":"<p><strong>Wyobra\u017a sobie \u017cycie<\/strong>, w kt\u00f3rym ka\u017cda decyzja przybli\u017ca Ci\u0119 do realizacji Twoich najwi\u0119kszych marze\u0144. Codzienno\u015b\u0107, w kt\u00f3rej masz pe\u0142n\u0105 kontrol\u0119 nad swoim czasem, emocjami i celami.<\/p>\n<h4 class=\"gb-headline gb-headline-12a9ebb3 gb-headline-text\">\u2714 10 spotka\u0144 grupowych online<br \/>\n\u2714 10 x Workbook<br \/>\n\u2714\u00a0<strong>Do\u017cywotni <\/strong>dost\u0119p do kursu \u201cW 7 dni do celu\u201d<br \/>\n\u2714 <strong>Do\u017cywotni <\/strong>dost\u0119p do kursu \u201cFilary Skutecznego Zarz\u0105dzania\u201d<\/h4>\n<p>BONUSY<br \/>\n\u2714 <strong>Trening Mentalny Online<\/strong><\/p>\n<p>\u2714 <strong>Konsultacja indywidualna z dr Ann\u0105 Saj<\/strong><\/p>\n<p>\u2714 <strong>2 nagrania wideo na koniec kursu<\/strong><\/p>\n","protected":false},"excerpt":{"rendered":"<h4 class=\"gb-headline gb-headline-64bc2ce6 gb-headline-text\"><strong>Program MAX to nie tylko kurs \u2013 to kompleksowy proces<\/strong><\/h4>\n<h4 class=\"gb-headline gb-headline-f8150a7e gb-headline-text\">Pomo\u017ce Ci on zidentyfikowa\u0107, co Ci\u0119 blokuje, i zamieni\u0107 te przeszkody w kroki prowadz\u0105ce do sukcesu. W ci\u0105gu 7 miesi\u0119cy nauczysz si\u0119 zarz\u0105dza\u0107 sob\u0105 w spos\u00f3b, kt\u00f3ry przyniesie realne efekty w relacjach, finansach, zdrowiu i karierze.<\/h4>\n<p class=\"gb-headline gb-headline-4c6c0df5 gb-headline-text\">Program MAX \u0142\u0105czy sprawdzone techniki mentoringowe, coachingowe i praktyczne \u0107wiczenia, kt\u00f3re od lat pomagaj\u0105 naszym uczestnikom osi\u0105ga\u0107 lepsze wyniki w pracy i \u017cyciu osobistym. Ka\u017cdy etap programu jest zaplanowany tak, by\u015b nie tylko zdoby\u0142 wiedz\u0119, ale przede wszystkim wdro\u017cy\u0142 j\u0105 w \u017cycie.<br \/>\n<strong>Setki os\u00f3b ju\u017c przekona\u0142y si\u0119, \u017ce z odpowiednim wsparciem mo\u017cna pokona\u0107 swoje blokady i osi\u0105gn\u0105\u0107 cele, kt\u00f3re wcze\u015bniej wydawa\u0142y si\u0119 nieosi\u0105galne.<\/strong><\/p>\n","protected":false},"featured_media":13986,"comment_status":"open","ping_status":"closed","template":"","meta":[],"product_brand":[],"product_cat":[15],"product_tag":[],"class_list":{"0":"post-13985","1":"product","2":"type-product","3":"status-publish","4":"has-post-thumbnail","6":"product_cat-inne","7":"","8":"woocommerce-text-align-left","9":"woocommerce-image-align-center","10":"do-quantity-buttons","12":"first","13":"instock","14":"virtual","15":"sold-individually","16":"purchasable","17":"product-type-simple"},"bundled_by":[],"bundle_stock_status":"instock","bundle_stock_quantity":null,"bundle_virtual":false,"bundle_layout":"","bundle_add_to_cart_form_location":"","bundle_editable_in_cart":false,"bundle_sold_individually_context":"","bundle_item_grouping":"","bundle_min_size":"","bundle_max_size":"","bundle_price":[],"bundled_items":[],"bundle_sell_ids":[],"exclude_global_add_ons":[],"addons":[],"yoast_head":"<!-- This site is optimized with the Yoast SEO plugin v27.3 - https:\/\/yoast.com\/product\/yoast-seo-wordpress\/ -->\n<title>Program MAX \u2013 jednorazowa p\u0142atno\u015b\u0107 - Szko\u0142a Ducha Duchowo\u015b\u0107<\/title>\n<meta name=\"robots\" content=\"index, follow, max-snippet:-1, max-image-preview:large, max-video-preview:-1\" \/>\n<link rel=\"canonical\" href=\"https:\/\/szkoladucha.pl\/duchowosc\/produkt\/program-max\/\" \/>\n<meta property=\"og:locale\" content=\"pl_PL\" \/>\n<meta property=\"og:type\" content=\"article\" \/>\n<meta property=\"og:title\" content=\"Program MAX \u2013 jednorazowa p\u0142atno\u015b\u0107 - Szko\u0142a Ducha Duchowo\u015b\u0107\" \/>\n<meta property=\"og:description\" content=\"Program MAX to nie tylko kurs \u2013 to kompleksowy proces Pomo\u017ce Ci on zidentyfikowa\u0107, co Ci\u0119 blokuje, i zamieni\u0107 te przeszkody w kroki prowadz\u0105ce do sukcesu. W ci\u0105gu 7 miesi\u0119cy nauczysz si\u0119 zarz\u0105dza\u0107 sob\u0105 w spos\u00f3b, kt\u00f3ry przyniesie realne efekty w relacjach, finansach, zdrowiu i karierze. Program MAX \u0142\u0105czy sprawdzone techniki mentoringowe, coachingowe i praktyczne \u0107wiczenia, kt\u00f3re od lat pomagaj\u0105 naszym uczestnikom osi\u0105ga\u0107 lepsze wyniki w pracy i \u017cyciu osobistym. Ka\u017cdy etap programu jest zaplanowany tak, by\u015b nie tylko zdoby\u0142 wiedz\u0119, ale przede wszystkim wdro\u017cy\u0142 j\u0105 w \u017cycie. Setki os\u00f3b ju\u017c przekona\u0142y si\u0119, \u017ce z odpowiednim wsparciem mo\u017cna pokona\u0107 swoje blokady i osi\u0105gn\u0105\u0107 cele, kt\u00f3re wcze\u015bniej wydawa\u0142y si\u0119 nieosi\u0105galne.\" \/>\n<meta property=\"og:url\" content=\"https:\/\/szkoladucha.pl\/duchowosc\/produkt\/program-max\/\" \/>\n<meta property=\"og:site_name\" content=\"Szko\u0142a Ducha Duchowo\u015b\u0107\" \/>\n<meta property=\"article:modified_time\" content=\"2025-01-02T14:37:11+00:00\" \/>\n<meta property=\"og:image\" content=\"https:\/\/szkoladucha.pl\/duchowosc\/wp-content\/uploads\/sites\/13\/2024\/07\/drAS-intensywny-program-MAX.png\" \/>\n\t<meta property=\"og:image:width\" content=\"600\" \/>\n\t<meta property=\"og:image:height\" content=\"640\" \/>\n\t<meta property=\"og:image:type\" content=\"image\/png\" \/>\n<meta name=\"twitter:card\" content=\"summary_large_image\" \/>\n<meta name=\"twitter:label1\" content=\"Szacowany czas czytania\" \/>\n\t<meta name=\"twitter:data1\" content=\"1 minuta\" \/>\n<script type=\"application\/ld+json\" class=\"yoast-schema-graph\">{\"@context\":\"https:\\\/\\\/schema.org\",\"@graph\":[{\"@type\":\"WebPage\",\"@id\":\"https:\\\/\\\/szkoladucha.pl\\\/duchowosc\\\/produkt\\\/program-max\\\/\",\"url\":\"https:\\\/\\\/szkoladucha.pl\\\/duchowosc\\\/produkt\\\/program-max\\\/\",\"name\":\"Program MAX \u2013 jednorazowa p\u0142atno\u015b\u0107 - Szko\u0142a Ducha Duchowo\u015b\u0107\",\"isPartOf\":{\"@id\":\"https:\\\/\\\/szkoladucha.pl\\\/duchowosc\\\/#website\"},\"primaryImageOfPage\":{\"@id\":\"https:\\\/\\\/szkoladucha.pl\\\/duchowosc\\\/produkt\\\/program-max\\\/#primaryimage\"},\"image\":{\"@id\":\"https:\\\/\\\/szkoladucha.pl\\\/duchowosc\\\/produkt\\\/program-max\\\/#primaryimage\"},\"thumbnailUrl\":\"https:\\\/\\\/szkoladucha.pl\\\/duchowosc\\\/wp-content\\\/uploads\\\/sites\\\/13\\\/2024\\\/07\\\/drAS-intensywny-program-MAX.png\",\"datePublished\":\"2024-07-18T08:14:53+00:00\",\"dateModified\":\"2025-01-02T14:37:11+00:00\",\"breadcrumb\":{\"@id\":\"https:\\\/\\\/szkoladucha.pl\\\/duchowosc\\\/produkt\\\/program-max\\\/#breadcrumb\"},\"inLanguage\":\"pl-PL\",\"potentialAction\":[{\"@type\":\"ReadAction\",\"target\":[\"https:\\\/\\\/szkoladucha.pl\\\/duchowosc\\\/produkt\\\/program-max\\\/\"]}]},{\"@type\":\"ImageObject\",\"inLanguage\":\"pl-PL\",\"@id\":\"https:\\\/\\\/szkoladucha.pl\\\/duchowosc\\\/produkt\\\/program-max\\\/#primaryimage\",\"url\":\"https:\\\/\\\/szkoladucha.pl\\\/duchowosc\\\/wp-content\\\/uploads\\\/sites\\\/13\\\/2024\\\/07\\\/drAS-intensywny-program-MAX.png\",\"contentUrl\":\"https:\\\/\\\/szkoladucha.pl\\\/duchowosc\\\/wp-content\\\/uploads\\\/sites\\\/13\\\/2024\\\/07\\\/drAS-intensywny-program-MAX.png\",\"width\":600,\"height\":640},{\"@type\":\"BreadcrumbList\",\"@id\":\"https:\\\/\\\/szkoladucha.pl\\\/duchowosc\\\/produkt\\\/program-max\\\/#breadcrumb\",\"itemListElement\":[{\"@type\":\"ListItem\",\"position\":1,\"name\":\"Kursy\",\"item\":\"https:\\\/\\\/szkoladucha.pl\\\/duchowosc\\\/\"},{\"@type\":\"ListItem\",\"position\":2,\"name\":\"Sklep\",\"item\":\"https:\\\/\\\/szkoladucha.pl\\\/duchowosc\\\/sklep\\\/\"},{\"@type\":\"ListItem\",\"position\":3,\"name\":\"Program MAX \u2013 jednorazowa p\u0142atno\u015b\u0107\"}]},{\"@type\":\"WebSite\",\"@id\":\"https:\\\/\\\/szkoladucha.pl\\\/duchowosc\\\/#website\",\"url\":\"https:\\\/\\\/szkoladucha.pl\\\/duchowosc\\\/\",\"name\":\"Szko\u0142a Ducha Duchowo\u015b\u0107\",\"description\":\"Budujemy spo\u0142ecze\u0144stwo, kt\u00f3re tak jak my, \u015bwiadomie post\u0119puje zgodnie z planem.\",\"publisher\":{\"@id\":\"https:\\\/\\\/szkoladucha.pl\\\/duchowosc\\\/#organization\"},\"potentialAction\":[{\"@type\":\"SearchAction\",\"target\":{\"@type\":\"EntryPoint\",\"urlTemplate\":\"https:\\\/\\\/szkoladucha.pl\\\/duchowosc\\\/?s={search_term_string}\"},\"query-input\":{\"@type\":\"PropertyValueSpecification\",\"valueRequired\":true,\"valueName\":\"search_term_string\"}}],\"inLanguage\":\"pl-PL\"},{\"@type\":\"Organization\",\"@id\":\"https:\\\/\\\/szkoladucha.pl\\\/duchowosc\\\/#organization\",\"name\":\"Szko\u0142a Ducha Duchowo\u015b\u0107\",\"url\":\"https:\\\/\\\/szkoladucha.pl\\\/duchowosc\\\/\",\"logo\":{\"@type\":\"ImageObject\",\"inLanguage\":\"pl-PL\",\"@id\":\"https:\\\/\\\/szkoladucha.pl\\\/duchowosc\\\/#\\\/schema\\\/logo\\\/image\\\/\",\"url\":\"https:\\\/\\\/szkoladucha.pl\\\/duchowosc\\\/wp-content\\\/uploads\\\/sites\\\/13\\\/2023\\\/09\\\/Duchowosc_Szkola_Ducha-Logo.svg\",\"contentUrl\":\"https:\\\/\\\/szkoladucha.pl\\\/duchowosc\\\/wp-content\\\/uploads\\\/sites\\\/13\\\/2023\\\/09\\\/Duchowosc_Szkola_Ducha-Logo.svg\",\"width\":100,\"height\":100,\"caption\":\"Szko\u0142a Ducha Duchowo\u015b\u0107\"},\"image\":{\"@id\":\"https:\\\/\\\/szkoladucha.pl\\\/duchowosc\\\/#\\\/schema\\\/logo\\\/image\\\/\"}}]}<\/script>\n<!-- \/ Yoast SEO plugin. -->","yoast_head_json":{"title":"Program MAX \u2013 jednorazowa p\u0142atno\u015b\u0107 - Szko\u0142a Ducha Duchowo\u015b\u0107","robots":{"index":"index","follow":"follow","max-snippet":"max-snippet:-1","max-image-preview":"max-image-preview:large","max-video-preview":"max-video-preview:-1"},"canonical":"https:\/\/szkoladucha.pl\/duchowosc\/produkt\/program-max\/","og_locale":"pl_PL","og_type":"article","og_title":"Program MAX \u2013 jednorazowa p\u0142atno\u015b\u0107 - Szko\u0142a Ducha Duchowo\u015b\u0107","og_description":"Program MAX to nie tylko kurs \u2013 to kompleksowy proces Pomo\u017ce Ci on zidentyfikowa\u0107, co Ci\u0119 blokuje, i zamieni\u0107 te przeszkody w kroki prowadz\u0105ce do sukcesu. W ci\u0105gu 7 miesi\u0119cy nauczysz si\u0119 zarz\u0105dza\u0107 sob\u0105 w spos\u00f3b, kt\u00f3ry przyniesie realne efekty w relacjach, finansach, zdrowiu i karierze. Program MAX \u0142\u0105czy sprawdzone techniki mentoringowe, coachingowe i praktyczne \u0107wiczenia, kt\u00f3re od lat pomagaj\u0105 naszym uczestnikom osi\u0105ga\u0107 lepsze wyniki w pracy i \u017cyciu osobistym. Ka\u017cdy etap programu jest zaplanowany tak, by\u015b nie tylko zdoby\u0142 wiedz\u0119, ale przede wszystkim wdro\u017cy\u0142 j\u0105 w \u017cycie. Setki os\u00f3b ju\u017c przekona\u0142y si\u0119, \u017ce z odpowiednim wsparciem mo\u017cna pokona\u0107 swoje blokady i osi\u0105gn\u0105\u0107 cele, kt\u00f3re wcze\u015bniej wydawa\u0142y si\u0119 nieosi\u0105galne.","og_url":"https:\/\/szkoladucha.pl\/duchowosc\/produkt\/program-max\/","og_site_name":"Szko\u0142a Ducha Duchowo\u015b\u0107","article_modified_time":"2025-01-02T14:37:11+00:00","og_image":[{"width":600,"height":640,"url":"https:\/\/szkoladucha.pl\/duchowosc\/wp-content\/uploads\/sites\/13\/2024\/07\/drAS-intensywny-program-MAX.png","type":"image\/png"}],"twitter_card":"summary_large_image","twitter_misc":{"Szacowany czas czytania":"1 minuta"},"schema":{"@context":"https:\/\/schema.org","@graph":[{"@type":"WebPage","@id":"https:\/\/szkoladucha.pl\/duchowosc\/produkt\/program-max\/","url":"https:\/\/szkoladucha.pl\/duchowosc\/produkt\/program-max\/","name":"Program MAX \u2013 jednorazowa p\u0142atno\u015b\u0107 - Szko\u0142a Ducha Duchowo\u015b\u0107","isPartOf":{"@id":"https:\/\/szkoladucha.pl\/duchowosc\/#website"},"primaryImageOfPage":{"@id":"https:\/\/szkoladucha.pl\/duchowosc\/produkt\/program-max\/#primaryimage"},"image":{"@id":"https:\/\/szkoladucha.pl\/duchowosc\/produkt\/program-max\/#primaryimage"},"thumbnailUrl":"https:\/\/szkoladucha.pl\/duchowosc\/wp-content\/uploads\/sites\/13\/2024\/07\/drAS-intensywny-program-MAX.png","datePublished":"2024-07-18T08:14:53+00:00","dateModified":"2025-01-02T14:37:11+00:00","breadcrumb":{"@id":"https:\/\/szkoladucha.pl\/duchowosc\/produkt\/program-max\/#breadcrumb"},"inLanguage":"pl-PL","potentialAction":[{"@type":"ReadAction","target":["https:\/\/szkoladucha.pl\/duchowosc\/produkt\/program-max\/"]}]},{"@type":"ImageObject","inLanguage":"pl-PL","@id":"https:\/\/szkoladucha.pl\/duchowosc\/produkt\/program-max\/#primaryimage","url":"https:\/\/szkoladucha.pl\/duchowosc\/wp-content\/uploads\/sites\/13\/2024\/07\/drAS-intensywny-program-MAX.png","contentUrl":"https:\/\/szkoladucha.pl\/duchowosc\/wp-content\/uploads\/sites\/13\/2024\/07\/drAS-intensywny-program-MAX.png","width":600,"height":640},{"@type":"BreadcrumbList","@id":"https:\/\/szkoladucha.pl\/duchowosc\/produkt\/program-max\/#breadcrumb","itemListElement":[{"@type":"ListItem","position":1,"name":"Kursy","item":"https:\/\/szkoladucha.pl\/duchowosc\/"},{"@type":"ListItem","position":2,"name":"Sklep","item":"https:\/\/szkoladucha.pl\/duchowosc\/sklep\/"},{"@type":"ListItem","position":3,"name":"Program MAX \u2013 jednorazowa p\u0142atno\u015b\u0107"}]},{"@type":"WebSite","@id":"https:\/\/szkoladucha.pl\/duchowosc\/#website","url":"https:\/\/szkoladucha.pl\/duchowosc\/","name":"Szko\u0142a Ducha Duchowo\u015b\u0107","description":"Budujemy spo\u0142ecze\u0144stwo, kt\u00f3re tak jak my, \u015bwiadomie post\u0119puje zgodnie z planem.","publisher":{"@id":"https:\/\/szkoladucha.pl\/duchowosc\/#organization"},"potentialAction":[{"@type":"SearchAction","target":{"@type":"EntryPoint","urlTemplate":"https:\/\/szkoladucha.pl\/duchowosc\/?s={search_term_string}"},"query-input":{"@type":"PropertyValueSpecification","valueRequired":true,"valueName":"search_term_string"}}],"inLanguage":"pl-PL"},{"@type":"Organization","@id":"https:\/\/szkoladucha.pl\/duchowosc\/#organization","name":"Szko\u0142a Ducha Duchowo\u015b\u0107","url":"https:\/\/szkoladucha.pl\/duchowosc\/","logo":{"@type":"ImageObject","inLanguage":"pl-PL","@id":"https:\/\/szkoladucha.pl\/duchowosc\/#\/schema\/logo\/image\/","url":"https:\/\/szkoladucha.pl\/duchowosc\/wp-content\/uploads\/sites\/13\/2023\/09\/Duchowosc_Szkola_Ducha-Logo.svg","contentUrl":"https:\/\/szkoladucha.pl\/duchowosc\/wp-content\/uploads\/sites\/13\/2023\/09\/Duchowosc_Szkola_Ducha-Logo.svg","width":100,"height":100,"caption":"Szko\u0142a Ducha Duchowo\u015b\u0107"},"image":{"@id":"https:\/\/szkoladucha.pl\/duchowosc\/#\/schema\/logo\/image\/"}}]}},"_links":{"self":[{"href":"https:\/\/szkoladucha.pl\/duchowosc\/wp-json\/wp\/v2\/product\/13985","targetHints":{"allow":["GET"]}}],"collection":[{"href":"https:\/\/szkoladucha.pl\/duchowosc\/wp-json\/wp\/v2\/product"}],"about":[{"href":"https:\/\/szkoladucha.pl\/duchowosc\/wp-json\/wp\/v2\/types\/product"}],"replies":[{"embeddable":true,"href":"https:\/\/szkoladucha.pl\/duchowosc\/wp-json\/wp\/v2\/comments?post=13985"}],"wp:featuredmedia":[{"embeddable":true,"href":"https:\/\/szkoladucha.pl\/duchowosc\/wp-json\/wp\/v2\/media\/13986"}],"wp:attachment":[{"href":"https:\/\/szkoladucha.pl\/duchowosc\/wp-json\/wp\/v2\/media?parent=13985"}],"wp:term":[{"taxonomy":"product_brand","embeddable":true,"href":"https:\/\/szkoladucha.pl\/duchowosc\/wp-json\/wp\/v2\/product_brand?post=13985"},{"taxonomy":"product_cat","embeddable":true,"href":"https:\/\/szkoladucha.pl\/duchowosc\/wp-json\/wp\/v2\/product_cat?post=13985"},{"taxonomy":"product_tag","embeddable":true,"href":"https:\/\/szkoladucha.pl\/duchowosc\/wp-json\/wp\/v2\/product_tag?post=13985"}],"curies":[{"name":"wp","href":"https:\/\/api.w.org\/{rel}","templated":true}]}}