{"id":15998,"date":"2024-09-28T07:09:33","date_gmt":"2024-09-28T05:09:33","guid":{"rendered":"https:\/\/szkoladucha.pl\/kursy\/?post_type=product&#038;p=15998"},"modified":"2026-02-20T14:32:48","modified_gmt":"2026-02-20T13:32:48","slug":"trening-mentalny-emocje","status":"publish","type":"product","link":"https:\/\/szkoladucha.pl\/kursy\/produkt\/trening-mentalny-emocje\/","title":{"rendered":"Trening Mentalny \u2013 PA\u0179DZIERNIK 2024"},"content":{"rendered":"<p>Czy kiedykolwiek czu\u0142a\u015b, \u017ce co\u015b Ci\u0119 blokuje lub nie pozwala Ci w pe\u0142ni realizowa\u0107 swoich mo\u017cliwo\u015bci? A mo\u017ce mia\u0142a\u015b wra\u017cenie, \u017ce \u017cycie wymyka Ci si\u0119 spod kontroli? By\u0107 mo\u017ce jeste\u015b w miejscu, gdzie brakuje Ci pewno\u015bci siebie, relacje nie uk\u0142adaj\u0105 si\u0119 tak, jakby\u015b chcia\u0142a, a codzienne problemy finansowe dodaj\u0105 tylko kolejnych zmartwie\u0144.<\/p>\n<h3><strong>W Treningu Mentalnym: Pa\u017adziernik 2024 Emocje dowiesz si\u0119:<\/strong><\/h3>\n<ul>\n<li aria-level=\"1\">Jaka jest r\u00f3\u017cnica mi\u0119dzy dusz\u0105, duchem i cia\u0142em w uj\u0119ciu chrze\u015bcija\u0144skim?<\/li>\n<li aria-level=\"1\">Jak dyscyplinowa\u0107 umys\u0142?<\/li>\n<li aria-level=\"1\">Jak radzi\u0107 sobie z emocjami w skuteczny i praktyczny spos\u00f3b?<\/li>\n<li aria-level=\"1\">Jak uwolni\u0107 potencja\u0142, kt\u00f3ry jest w Tobie?<\/li>\n<\/ul>\n<h2>Co otrzymasz?<\/h2>\n<h4>Nagrania 4 spotka\u0144:<\/h4>\n<ul>\n<li aria-level=\"1\">Jak dzia\u0142a umys\u0142?<\/li>\n<li aria-level=\"1\">Podr\u00f3\u017c do \u0179r\u00f3d\u0142a Mocy<\/li>\n<li aria-level=\"1\">Technika uwalniania emocji<\/li>\n<li aria-level=\"1\">3 Programy Mentalne, kt\u00f3re sabotuj\u0105 Tw\u00f3j sukces<\/li>\n<\/ul>\n<h4><strong>DODATKOWO<\/strong>: Bonus z 2 spotka\u0144 Treningu Mentalnego we wrze\u015bniu 2024<\/h4>\n<h4><b>4 workbooki <\/b>do pracy indywidualnej, z kt\u00f3rymi pog\u0142\u0119bisz prac\u0119 nad swoim umys\u0142em i lepiej poznasz siebie.<\/h4>\n<h2>Ten Trening jest:<\/h2>\n<p>\ud83d\udc9d Dla kobiet, kt\u00f3re chc\u0105 uwolni\u0107 si\u0119 od ograniczaj\u0105cych my\u015bli i emocji<\/p>\n<p>\ud83d\udc9d Dla kobiet, kt\u00f3re pragn\u0105 rozwija\u0107 swoje zdolno\u015bci w \u015bwiecie pe\u0142nym rozprosze\u0144<\/p>\n<p>\ud83d\udc9d Dla kobiet gotowych na g\u0142\u0119bok\u0105 transformacj\u0119 w swoim \u017cyciu osobistym i zawodowym<\/p>\n<p>A wszystko to w oparciu i ca\u0142kowitym zanurzeniu w duchowo\u015b\u0107 chrze\u015bcija\u0144sk\u0105. Zas\u0142ugujesz na to, by \u017cy\u0107 w zgodzie z PRAWDZIW\u0104\u00a0 sob\u0105 i realizowa\u0107 swoje marzenia.<\/p>\n","protected":false},"excerpt":{"rendered":"<h4>Nagrania 4 spotka\u0144:<\/h4>\n<ul>\n<li aria-level=\"1\">Jak dzia\u0142a umys\u0142?<\/li>\n<li aria-level=\"1\">Podr\u00f3\u017c do \u0179r\u00f3d\u0142a Mocy<\/li>\n<li aria-level=\"1\">Technika uwalniania emocji<\/li>\n<li aria-level=\"1\">3 Programy Mentalne, kt\u00f3re sabotuj\u0105 Tw\u00f3j sukces<\/li>\n<\/ul>\n<p><strong>DODATKOWO<\/strong>: Bonus z 2 spotka\u0144 Treningu Mentalnego we wrze\u015bniu 2024<\/p>\n<p><b>4 workbooki <\/b>do pracy indywidualnej, z kt\u00f3rymi pog\u0142\u0119bisz prac\u0119 nad swoim umys\u0142em i lepiej poznasz siebie.<\/p>\n","protected":false},"featured_media":16862,"comment_status":"open","ping_status":"closed","template":"","meta":[],"product_brand":[],"product_cat":[297],"product_tag":[],"class_list":{"0":"post-15998","1":"product","2":"type-product","3":"status-publish","4":"has-post-thumbnail","6":"product_cat-treningi-mentalne-2024","7":"","8":"woocommerce-text-align-left","9":"woocommerce-image-align-center","10":"do-quantity-buttons","12":"first","13":"instock","14":"virtual","15":"sold-individually","16":"taxable","17":"purchasable","18":"product-type-simple"},"bundled_by":[],"bundle_stock_status":"instock","bundle_stock_quantity":null,"bundle_virtual":false,"bundle_layout":"","bundle_add_to_cart_form_location":"","bundle_editable_in_cart":false,"bundle_sold_individually_context":"","bundle_item_grouping":"","bundle_min_size":"","bundle_max_size":"","bundle_price":[],"bundled_items":[],"bundle_sell_ids":[],"exclude_global_add_ons":[],"addons":[],"yoast_head":"<!-- This site is optimized with the Yoast SEO plugin v27.3 - https:\/\/yoast.com\/product\/yoast-seo-wordpress\/ -->\n<title>Trening Mentalny \u2013 PA\u0179DZIERNIK 2024 - Kursy Szko\u0142a Ducha<\/title>\n<meta name=\"robots\" content=\"index, follow, max-snippet:-1, max-image-preview:large, max-video-preview:-1\" \/>\n<link rel=\"canonical\" href=\"https:\/\/szkoladucha.pl\/kursy\/produkt\/trening-mentalny-emocje\/\" \/>\n<meta property=\"og:locale\" content=\"pl_PL\" \/>\n<meta property=\"og:type\" content=\"article\" \/>\n<meta property=\"og:title\" content=\"Trening Mentalny \u2013 PA\u0179DZIERNIK 2024 - Kursy Szko\u0142a Ducha\" \/>\n<meta property=\"og:description\" content=\"Nagrania 4 spotka\u0144:   Jak dzia\u0142a umys\u0142?  Podr\u00f3\u017c do \u0179r\u00f3d\u0142a Mocy  Technika uwalniania emocji  3 Programy Mentalne, kt\u00f3re sabotuj\u0105 Tw\u00f3j sukces  DODATKOWO: Bonus z 2 spotka\u0144 Treningu Mentalnego we wrze\u015bniu 2024  4 workbooki do pracy indywidualnej, z kt\u00f3rymi pog\u0142\u0119bisz prac\u0119 nad swoim umys\u0142em i lepiej poznasz siebie.\" \/>\n<meta property=\"og:url\" content=\"https:\/\/szkoladucha.pl\/kursy\/produkt\/trening-mentalny-emocje\/\" \/>\n<meta property=\"og:site_name\" content=\"Kursy Szko\u0142a Ducha\" \/>\n<meta property=\"article:modified_time\" content=\"2026-02-20T13:32:48+00:00\" \/>\n<meta name=\"twitter:card\" content=\"summary_large_image\" \/>\n<meta name=\"twitter:image\" content=\"https:\/\/szkoladucha.pl\/kursy\/wp-content\/uploads\/sites\/5\/2024\/09\/drAS-BOSKI-UMYSL-EMOCJE.png\" \/>\n<meta name=\"twitter:label1\" content=\"Szacowany czas czytania\" \/>\n\t<meta name=\"twitter:data1\" content=\"2 minuty\" \/>\n<script type=\"application\/ld+json\" class=\"yoast-schema-graph\">{\"@context\":\"https:\\\/\\\/schema.org\",\"@graph\":[{\"@type\":\"WebPage\",\"@id\":\"https:\\\/\\\/szkoladucha.pl\\\/kursy\\\/produkt\\\/trening-mentalny-emocje\\\/\",\"url\":\"https:\\\/\\\/szkoladucha.pl\\\/kursy\\\/produkt\\\/trening-mentalny-emocje\\\/\",\"name\":\"Trening Mentalny \u2013 PA\u0179DZIERNIK 2024 - Kursy Szko\u0142a Ducha\",\"isPartOf\":{\"@id\":\"https:\\\/\\\/szkoladucha.pl\\\/kursy\\\/#website\"},\"primaryImageOfPage\":{\"@id\":\"https:\\\/\\\/szkoladucha.pl\\\/kursy\\\/produkt\\\/trening-mentalny-emocje\\\/#primaryimage\"},\"image\":{\"@id\":\"https:\\\/\\\/szkoladucha.pl\\\/kursy\\\/produkt\\\/trening-mentalny-emocje\\\/#primaryimage\"},\"thumbnailUrl\":\"https:\\\/\\\/szkoladucha.pl\\\/kursy\\\/wp-content\\\/uploads\\\/sites\\\/5\\\/2024\\\/09\\\/drAS-BOSKI-UMYSL-EMOCJE.png\",\"datePublished\":\"2024-09-28T05:09:33+00:00\",\"dateModified\":\"2026-02-20T13:32:48+00:00\",\"breadcrumb\":{\"@id\":\"https:\\\/\\\/szkoladucha.pl\\\/kursy\\\/produkt\\\/trening-mentalny-emocje\\\/#breadcrumb\"},\"inLanguage\":\"pl-PL\",\"potentialAction\":[{\"@type\":\"ReadAction\",\"target\":[\"https:\\\/\\\/szkoladucha.pl\\\/kursy\\\/produkt\\\/trening-mentalny-emocje\\\/\"]}]},{\"@type\":\"ImageObject\",\"inLanguage\":\"pl-PL\",\"@id\":\"https:\\\/\\\/szkoladucha.pl\\\/kursy\\\/produkt\\\/trening-mentalny-emocje\\\/#primaryimage\",\"url\":\"https:\\\/\\\/szkoladucha.pl\\\/kursy\\\/wp-content\\\/uploads\\\/sites\\\/5\\\/2024\\\/09\\\/drAS-BOSKI-UMYSL-EMOCJE.png\",\"contentUrl\":\"https:\\\/\\\/szkoladucha.pl\\\/kursy\\\/wp-content\\\/uploads\\\/sites\\\/5\\\/2024\\\/09\\\/drAS-BOSKI-UMYSL-EMOCJE.png\",\"width\":600,\"height\":640},{\"@type\":\"BreadcrumbList\",\"@id\":\"https:\\\/\\\/szkoladucha.pl\\\/kursy\\\/produkt\\\/trening-mentalny-emocje\\\/#breadcrumb\",\"itemListElement\":[{\"@type\":\"ListItem\",\"position\":1,\"name\":\"Kursy\",\"item\":\"https:\\\/\\\/szkoladucha.pl\\\/kursy\\\/\"},{\"@type\":\"ListItem\",\"position\":2,\"name\":\"Kursy\",\"item\":\"https:\\\/\\\/szkoladucha.pl\\\/kursy\\\/\"},{\"@type\":\"ListItem\",\"position\":3,\"name\":\"Trening Mentalny \u2013 PA\u0179DZIERNIK 2024\"}]},{\"@type\":\"WebSite\",\"@id\":\"https:\\\/\\\/szkoladucha.pl\\\/kursy\\\/#website\",\"url\":\"https:\\\/\\\/szkoladucha.pl\\\/kursy\\\/\",\"name\":\"Kursy Szko\u0142a Ducha\",\"description\":\"Budujemy spo\u0142ecze\u0144stwo, kt\u00f3re \u015bwiadomie post\u0119puje zgodnie z planem.\",\"publisher\":{\"@id\":\"https:\\\/\\\/szkoladucha.pl\\\/kursy\\\/#organization\"},\"potentialAction\":[{\"@type\":\"SearchAction\",\"target\":{\"@type\":\"EntryPoint\",\"urlTemplate\":\"https:\\\/\\\/szkoladucha.pl\\\/kursy\\\/?s={search_term_string}\"},\"query-input\":{\"@type\":\"PropertyValueSpecification\",\"valueRequired\":true,\"valueName\":\"search_term_string\"}}],\"inLanguage\":\"pl-PL\"},{\"@type\":\"Organization\",\"@id\":\"https:\\\/\\\/szkoladucha.pl\\\/kursy\\\/#organization\",\"name\":\"Kursy Szko\u0142a Ducha\",\"url\":\"https:\\\/\\\/szkoladucha.pl\\\/kursy\\\/\",\"logo\":{\"@type\":\"ImageObject\",\"inLanguage\":\"pl-PL\",\"@id\":\"https:\\\/\\\/szkoladucha.pl\\\/kursy\\\/#\\\/schema\\\/logo\\\/image\\\/\",\"url\":\"https:\\\/\\\/szkoladucha.pl\\\/kursy\\\/wp-content\\\/uploads\\\/sites\\\/5\\\/2022\\\/02\\\/kursy-szkola-ducha-logo-beztla-180px.png\",\"contentUrl\":\"https:\\\/\\\/szkoladucha.pl\\\/kursy\\\/wp-content\\\/uploads\\\/sites\\\/5\\\/2022\\\/02\\\/kursy-szkola-ducha-logo-beztla-180px.png\",\"width\":180,\"height\":60,\"caption\":\"Kursy Szko\u0142a Ducha\"},\"image\":{\"@id\":\"https:\\\/\\\/szkoladucha.pl\\\/kursy\\\/#\\\/schema\\\/logo\\\/image\\\/\"}}]}<\/script>\n<!-- \/ Yoast SEO plugin. -->","yoast_head_json":{"title":"Trening Mentalny \u2013 PA\u0179DZIERNIK 2024 - Kursy Szko\u0142a Ducha","robots":{"index":"index","follow":"follow","max-snippet":"max-snippet:-1","max-image-preview":"max-image-preview:large","max-video-preview":"max-video-preview:-1"},"canonical":"https:\/\/szkoladucha.pl\/kursy\/produkt\/trening-mentalny-emocje\/","og_locale":"pl_PL","og_type":"article","og_title":"Trening Mentalny \u2013 PA\u0179DZIERNIK 2024 - Kursy Szko\u0142a Ducha","og_description":"Nagrania 4 spotka\u0144:   Jak dzia\u0142a umys\u0142?  Podr\u00f3\u017c do \u0179r\u00f3d\u0142a Mocy  Technika uwalniania emocji  3 Programy Mentalne, kt\u00f3re sabotuj\u0105 Tw\u00f3j sukces  DODATKOWO: Bonus z 2 spotka\u0144 Treningu Mentalnego we wrze\u015bniu 2024  4 workbooki do pracy indywidualnej, z kt\u00f3rymi pog\u0142\u0119bisz prac\u0119 nad swoim umys\u0142em i lepiej poznasz siebie.","og_url":"https:\/\/szkoladucha.pl\/kursy\/produkt\/trening-mentalny-emocje\/","og_site_name":"Kursy Szko\u0142a Ducha","article_modified_time":"2026-02-20T13:32:48+00:00","twitter_card":"summary_large_image","twitter_image":"https:\/\/szkoladucha.pl\/kursy\/wp-content\/uploads\/sites\/5\/2024\/09\/drAS-BOSKI-UMYSL-EMOCJE.png","twitter_misc":{"Szacowany czas czytania":"2 minuty"},"schema":{"@context":"https:\/\/schema.org","@graph":[{"@type":"WebPage","@id":"https:\/\/szkoladucha.pl\/kursy\/produkt\/trening-mentalny-emocje\/","url":"https:\/\/szkoladucha.pl\/kursy\/produkt\/trening-mentalny-emocje\/","name":"Trening Mentalny \u2013 PA\u0179DZIERNIK 2024 - Kursy Szko\u0142a Ducha","isPartOf":{"@id":"https:\/\/szkoladucha.pl\/kursy\/#website"},"primaryImageOfPage":{"@id":"https:\/\/szkoladucha.pl\/kursy\/produkt\/trening-mentalny-emocje\/#primaryimage"},"image":{"@id":"https:\/\/szkoladucha.pl\/kursy\/produkt\/trening-mentalny-emocje\/#primaryimage"},"thumbnailUrl":"https:\/\/szkoladucha.pl\/kursy\/wp-content\/uploads\/sites\/5\/2024\/09\/drAS-BOSKI-UMYSL-EMOCJE.png","datePublished":"2024-09-28T05:09:33+00:00","dateModified":"2026-02-20T13:32:48+00:00","breadcrumb":{"@id":"https:\/\/szkoladucha.pl\/kursy\/produkt\/trening-mentalny-emocje\/#breadcrumb"},"inLanguage":"pl-PL","potentialAction":[{"@type":"ReadAction","target":["https:\/\/szkoladucha.pl\/kursy\/produkt\/trening-mentalny-emocje\/"]}]},{"@type":"ImageObject","inLanguage":"pl-PL","@id":"https:\/\/szkoladucha.pl\/kursy\/produkt\/trening-mentalny-emocje\/#primaryimage","url":"https:\/\/szkoladucha.pl\/kursy\/wp-content\/uploads\/sites\/5\/2024\/09\/drAS-BOSKI-UMYSL-EMOCJE.png","contentUrl":"https:\/\/szkoladucha.pl\/kursy\/wp-content\/uploads\/sites\/5\/2024\/09\/drAS-BOSKI-UMYSL-EMOCJE.png","width":600,"height":640},{"@type":"BreadcrumbList","@id":"https:\/\/szkoladucha.pl\/kursy\/produkt\/trening-mentalny-emocje\/#breadcrumb","itemListElement":[{"@type":"ListItem","position":1,"name":"Kursy","item":"https:\/\/szkoladucha.pl\/kursy\/"},{"@type":"ListItem","position":2,"name":"Kursy","item":"https:\/\/szkoladucha.pl\/kursy\/"},{"@type":"ListItem","position":3,"name":"Trening Mentalny \u2013 PA\u0179DZIERNIK 2024"}]},{"@type":"WebSite","@id":"https:\/\/szkoladucha.pl\/kursy\/#website","url":"https:\/\/szkoladucha.pl\/kursy\/","name":"Kursy Szko\u0142a Ducha","description":"Budujemy spo\u0142ecze\u0144stwo, kt\u00f3re \u015bwiadomie post\u0119puje zgodnie z planem.","publisher":{"@id":"https:\/\/szkoladucha.pl\/kursy\/#organization"},"potentialAction":[{"@type":"SearchAction","target":{"@type":"EntryPoint","urlTemplate":"https:\/\/szkoladucha.pl\/kursy\/?s={search_term_string}"},"query-input":{"@type":"PropertyValueSpecification","valueRequired":true,"valueName":"search_term_string"}}],"inLanguage":"pl-PL"},{"@type":"Organization","@id":"https:\/\/szkoladucha.pl\/kursy\/#organization","name":"Kursy Szko\u0142a Ducha","url":"https:\/\/szkoladucha.pl\/kursy\/","logo":{"@type":"ImageObject","inLanguage":"pl-PL","@id":"https:\/\/szkoladucha.pl\/kursy\/#\/schema\/logo\/image\/","url":"https:\/\/szkoladucha.pl\/kursy\/wp-content\/uploads\/sites\/5\/2022\/02\/kursy-szkola-ducha-logo-beztla-180px.png","contentUrl":"https:\/\/szkoladucha.pl\/kursy\/wp-content\/uploads\/sites\/5\/2022\/02\/kursy-szkola-ducha-logo-beztla-180px.png","width":180,"height":60,"caption":"Kursy Szko\u0142a Ducha"},"image":{"@id":"https:\/\/szkoladucha.pl\/kursy\/#\/schema\/logo\/image\/"}}]}},"_links":{"self":[{"href":"https:\/\/szkoladucha.pl\/kursy\/wp-json\/wp\/v2\/product\/15998","targetHints":{"allow":["GET"]}}],"collection":[{"href":"https:\/\/szkoladucha.pl\/kursy\/wp-json\/wp\/v2\/product"}],"about":[{"href":"https:\/\/szkoladucha.pl\/kursy\/wp-json\/wp\/v2\/types\/product"}],"replies":[{"embeddable":true,"href":"https:\/\/szkoladucha.pl\/kursy\/wp-json\/wp\/v2\/comments?post=15998"}],"wp:featuredmedia":[{"embeddable":true,"href":"https:\/\/szkoladucha.pl\/kursy\/wp-json\/wp\/v2\/media\/16862"}],"wp:attachment":[{"href":"https:\/\/szkoladucha.pl\/kursy\/wp-json\/wp\/v2\/media?parent=15998"}],"wp:term":[{"taxonomy":"product_brand","embeddable":true,"href":"https:\/\/szkoladucha.pl\/kursy\/wp-json\/wp\/v2\/product_brand?post=15998"},{"taxonomy":"product_cat","embeddable":true,"href":"https:\/\/szkoladucha.pl\/kursy\/wp-json\/wp\/v2\/product_cat?post=15998"},{"taxonomy":"product_tag","embeddable":true,"href":"https:\/\/szkoladucha.pl\/kursy\/wp-json\/wp\/v2\/product_tag?post=15998"}],"curies":[{"name":"wp","href":"https:\/\/api.w.org\/{rel}","templated":true}]}}