{"id":16500,"date":"2024-10-24T11:56:41","date_gmt":"2024-10-24T09:56:41","guid":{"rendered":"https:\/\/szkoladucha.pl\/kursy\/?post_type=product&#038;p=16500"},"modified":"2026-02-24T14:14:37","modified_gmt":"2026-02-24T13:14:37","slug":"boski-umysl-listopad","status":"publish","type":"product","link":"https:\/\/szkoladucha.pl\/kursy\/produkt\/boski-umysl-listopad\/","title":{"rendered":"Trening Mentalny \u2013 LISTOPAD 2024"},"content":{"rendered":"<p>Jest taka cz\u0119\u015b\u0107 Twojego umys\u0142u, kt\u00f3ra dzia\u0142a, jak niewidzialny ster Twojego \u017cycia. Tutaj przechowywane s\u0105 przekonania, kt\u00f3re kieruj\u0105 Twoimi decyzjami \u2013 cz\u0119sto bez Twojej \u015bwiadomej zgody. Zastan\u00f3w si\u0119: ile razy wraca\u0142a\u015b do starych schemat\u00f3w, mimo \u017ce chcia\u0142a\u015b co\u015b zmieni\u0107? Odpowied\u017a kryje si\u0119 w <b>Twojej pod\u015bwiadomo\u015bci.<\/b><\/p>\n<h2>Co otrzymasz?<\/h2>\n<p><strong><img decoding=\"async\" class=\"emoji\" role=\"img\" draggable=\"false\" src=\"https:\/\/s.w.org\/images\/core\/emoji\/16.0.1\/svg\/1f399.svg\" alt=\"\ud83c\udf99\ufe0f\" \/> Nagrania 5 spotka\u0144:<\/strong><\/p>\n<ul>\n<li aria-level=\"1\">Przekonania dotycz\u0105ce finans\u00f3w<\/li>\n<li aria-level=\"1\">Trening \u015awiadomo\u015bci: od negatywnych wzorc\u00f3w do pozytywnych<\/li>\n<li aria-level=\"1\">Moc Twojego Umys\u0142u i Twoja Prawdziwa Warto\u015b\u0107<\/li>\n<li aria-level=\"1\">Kreowanie \u017bycia Mocy<\/li>\n<li aria-level=\"1\">Zmiana Mindsetu Niedostatku na Mindset Obfito\u015bci<\/li>\n<\/ul>\n<p><strong>\ud83c\udf81 DODATKOWO: Bonus z 2 spotka\u0144 Treningu Mentalnego we wrze\u015bniu 2024<\/strong><\/p>\n<p><b><strong><span class=\"x1c3i2sq x19la9d6 x1fc57z9 xexx8yu x1ccui7m x18d9i69 x18pi947 x6ikm8r x10wlt62 x19co3pv x11tp94h xfibh0p xiy17q3 x1xsqp64\"><span class=\"\"><img decoding=\"async\" class=\"emoji\" role=\"img\" draggable=\"false\" src=\"https:\/\/s.w.org\/images\/core\/emoji\/16.0.1\/svg\/1f4da.svg\" alt=\"\ud83d\udcda\" \/> <\/span><\/span><\/strong>4 workbooki <\/b>do pracy indywidualnej, z kt\u00f3rymi pog\u0142\u0119bisz prac\u0119 nad swoim umys\u0142em i lepiej poznasz siebie.<\/p>\n<p>Wykorzystaj pot\u0119g\u0119 swojej pod\u015bwiadomo\u015bci i zmie\u0144 swoje \u017cycie na lepsze \ud83d\udc96.<\/p>\n","protected":false},"excerpt":{"rendered":"<h4>Naucz si\u0119 \u015bwiadomie wp\u0142ywa\u0107 na to, co dzieje si\u0119 w Twoim wn\u0119trzu! Ono mo\u017ce sta\u0107 si\u0119 Twoim sprzymierze\u0144cem w realizacji marze\u0144 i plan\u00f3w.<\/h4>\n<p>Czy zdarzy\u0142o Ci si\u0119 zastanawia\u0107, dlaczego mimo najlepszych plan\u00f3w czasem trudno osi\u0105gn\u0105\u0107 wymarzone cele? Albo dlaczego niekt\u00f3re nawyki tak trudno zmieni\u0107, nawet gdy wiesz, \u017ce przeszkadzaj\u0105 Ci w \u017cyciu?<\/p>\n","protected":false},"featured_media":16860,"comment_status":"open","ping_status":"closed","template":"","meta":[],"product_brand":[],"product_cat":[15],"product_tag":[289],"class_list":{"0":"post-16500","1":"product","2":"type-product","3":"status-publish","4":"has-post-thumbnail","6":"product_cat-inne","7":"product_tag-moje-kursy","8":"","9":"woocommerce-text-align-left","10":"woocommerce-image-align-center","11":"do-quantity-buttons","13":"first","14":"instock","15":"virtual","16":"sold-individually","17":"taxable","18":"purchasable","19":"product-type-simple"},"bundled_by":[],"bundle_stock_status":"instock","bundle_stock_quantity":null,"bundle_virtual":false,"bundle_layout":"","bundle_add_to_cart_form_location":"","bundle_editable_in_cart":false,"bundle_sold_individually_context":"","bundle_item_grouping":"","bundle_min_size":"","bundle_max_size":"","bundle_price":[],"bundled_items":[],"bundle_sell_ids":[],"exclude_global_add_ons":[],"addons":[],"yoast_head":"<!-- This site is optimized with the Yoast SEO plugin v27.3 - https:\/\/yoast.com\/product\/yoast-seo-wordpress\/ -->\n<title>Trening Mentalny \u2013 LISTOPAD 2024 - Kursy Szko\u0142a Ducha<\/title>\n<meta name=\"robots\" content=\"index, follow, max-snippet:-1, max-image-preview:large, max-video-preview:-1\" \/>\n<link rel=\"canonical\" href=\"https:\/\/szkoladucha.pl\/kursy\/produkt\/boski-umysl-listopad\/\" \/>\n<meta property=\"og:locale\" content=\"pl_PL\" \/>\n<meta property=\"og:type\" content=\"article\" \/>\n<meta property=\"og:title\" content=\"Trening Mentalny \u2013 LISTOPAD 2024 - Kursy Szko\u0142a Ducha\" \/>\n<meta property=\"og:description\" content=\"Naucz si\u0119 \u015bwiadomie wp\u0142ywa\u0107 na to, co dzieje si\u0119 w Twoim wn\u0119trzu! Ono mo\u017ce sta\u0107 si\u0119 Twoim sprzymierze\u0144cem w realizacji marze\u0144 i plan\u00f3w. Czy zdarzy\u0142o Ci si\u0119 zastanawia\u0107, dlaczego mimo najlepszych plan\u00f3w czasem trudno osi\u0105gn\u0105\u0107 wymarzone cele? Albo dlaczego niekt\u00f3re nawyki tak trudno zmieni\u0107, nawet gdy wiesz, \u017ce przeszkadzaj\u0105 Ci w \u017cyciu?\" \/>\n<meta property=\"og:url\" content=\"https:\/\/szkoladucha.pl\/kursy\/produkt\/boski-umysl-listopad\/\" \/>\n<meta property=\"og:site_name\" content=\"Kursy Szko\u0142a Ducha\" \/>\n<meta property=\"article:modified_time\" content=\"2026-02-24T13:14:37+00:00\" \/>\n<meta name=\"twitter:card\" content=\"summary_large_image\" \/>\n<meta name=\"twitter:image\" content=\"https:\/\/szkoladucha.pl\/kursy\/wp-content\/uploads\/sites\/5\/2024\/10\/drAS-BOSKI-UMYSL-FINANSE-1.png\" \/>\n<meta name=\"twitter:label1\" content=\"Szacowany czas czytania\" \/>\n\t<meta name=\"twitter:data1\" content=\"2 minuty\" \/>\n<script type=\"application\/ld+json\" class=\"yoast-schema-graph\">{\"@context\":\"https:\\\/\\\/schema.org\",\"@graph\":[{\"@type\":\"WebPage\",\"@id\":\"https:\\\/\\\/szkoladucha.pl\\\/kursy\\\/produkt\\\/boski-umysl-listopad\\\/\",\"url\":\"https:\\\/\\\/szkoladucha.pl\\\/kursy\\\/produkt\\\/boski-umysl-listopad\\\/\",\"name\":\"Trening Mentalny \u2013 LISTOPAD 2024 - Kursy Szko\u0142a Ducha\",\"isPartOf\":{\"@id\":\"https:\\\/\\\/szkoladucha.pl\\\/kursy\\\/#website\"},\"primaryImageOfPage\":{\"@id\":\"https:\\\/\\\/szkoladucha.pl\\\/kursy\\\/produkt\\\/boski-umysl-listopad\\\/#primaryimage\"},\"image\":{\"@id\":\"https:\\\/\\\/szkoladucha.pl\\\/kursy\\\/produkt\\\/boski-umysl-listopad\\\/#primaryimage\"},\"thumbnailUrl\":\"https:\\\/\\\/szkoladucha.pl\\\/kursy\\\/wp-content\\\/uploads\\\/sites\\\/5\\\/2024\\\/10\\\/drAS-BOSKI-UMYSL-FINANSE-1.png\",\"datePublished\":\"2024-10-24T09:56:41+00:00\",\"dateModified\":\"2026-02-24T13:14:37+00:00\",\"breadcrumb\":{\"@id\":\"https:\\\/\\\/szkoladucha.pl\\\/kursy\\\/produkt\\\/boski-umysl-listopad\\\/#breadcrumb\"},\"inLanguage\":\"pl-PL\",\"potentialAction\":[{\"@type\":\"ReadAction\",\"target\":[\"https:\\\/\\\/szkoladucha.pl\\\/kursy\\\/produkt\\\/boski-umysl-listopad\\\/\"]}]},{\"@type\":\"ImageObject\",\"inLanguage\":\"pl-PL\",\"@id\":\"https:\\\/\\\/szkoladucha.pl\\\/kursy\\\/produkt\\\/boski-umysl-listopad\\\/#primaryimage\",\"url\":\"https:\\\/\\\/szkoladucha.pl\\\/kursy\\\/wp-content\\\/uploads\\\/sites\\\/5\\\/2024\\\/10\\\/drAS-BOSKI-UMYSL-FINANSE-1.png\",\"contentUrl\":\"https:\\\/\\\/szkoladucha.pl\\\/kursy\\\/wp-content\\\/uploads\\\/sites\\\/5\\\/2024\\\/10\\\/drAS-BOSKI-UMYSL-FINANSE-1.png\",\"width\":600,\"height\":640},{\"@type\":\"BreadcrumbList\",\"@id\":\"https:\\\/\\\/szkoladucha.pl\\\/kursy\\\/produkt\\\/boski-umysl-listopad\\\/#breadcrumb\",\"itemListElement\":[{\"@type\":\"ListItem\",\"position\":1,\"name\":\"Kursy\",\"item\":\"https:\\\/\\\/szkoladucha.pl\\\/kursy\\\/\"},{\"@type\":\"ListItem\",\"position\":2,\"name\":\"Kursy\",\"item\":\"https:\\\/\\\/szkoladucha.pl\\\/kursy\\\/\"},{\"@type\":\"ListItem\",\"position\":3,\"name\":\"Trening Mentalny \u2013 LISTOPAD 2024\"}]},{\"@type\":\"WebSite\",\"@id\":\"https:\\\/\\\/szkoladucha.pl\\\/kursy\\\/#website\",\"url\":\"https:\\\/\\\/szkoladucha.pl\\\/kursy\\\/\",\"name\":\"Kursy Szko\u0142a Ducha\",\"description\":\"Budujemy spo\u0142ecze\u0144stwo, kt\u00f3re \u015bwiadomie post\u0119puje zgodnie z planem.\",\"publisher\":{\"@id\":\"https:\\\/\\\/szkoladucha.pl\\\/kursy\\\/#organization\"},\"potentialAction\":[{\"@type\":\"SearchAction\",\"target\":{\"@type\":\"EntryPoint\",\"urlTemplate\":\"https:\\\/\\\/szkoladucha.pl\\\/kursy\\\/?s={search_term_string}\"},\"query-input\":{\"@type\":\"PropertyValueSpecification\",\"valueRequired\":true,\"valueName\":\"search_term_string\"}}],\"inLanguage\":\"pl-PL\"},{\"@type\":\"Organization\",\"@id\":\"https:\\\/\\\/szkoladucha.pl\\\/kursy\\\/#organization\",\"name\":\"Kursy Szko\u0142a Ducha\",\"url\":\"https:\\\/\\\/szkoladucha.pl\\\/kursy\\\/\",\"logo\":{\"@type\":\"ImageObject\",\"inLanguage\":\"pl-PL\",\"@id\":\"https:\\\/\\\/szkoladucha.pl\\\/kursy\\\/#\\\/schema\\\/logo\\\/image\\\/\",\"url\":\"https:\\\/\\\/szkoladucha.pl\\\/kursy\\\/wp-content\\\/uploads\\\/sites\\\/5\\\/2022\\\/02\\\/kursy-szkola-ducha-logo-beztla-180px.png\",\"contentUrl\":\"https:\\\/\\\/szkoladucha.pl\\\/kursy\\\/wp-content\\\/uploads\\\/sites\\\/5\\\/2022\\\/02\\\/kursy-szkola-ducha-logo-beztla-180px.png\",\"width\":180,\"height\":60,\"caption\":\"Kursy Szko\u0142a Ducha\"},\"image\":{\"@id\":\"https:\\\/\\\/szkoladucha.pl\\\/kursy\\\/#\\\/schema\\\/logo\\\/image\\\/\"}}]}<\/script>\n<!-- \/ Yoast SEO plugin. -->","yoast_head_json":{"title":"Trening Mentalny \u2013 LISTOPAD 2024 - Kursy Szko\u0142a Ducha","robots":{"index":"index","follow":"follow","max-snippet":"max-snippet:-1","max-image-preview":"max-image-preview:large","max-video-preview":"max-video-preview:-1"},"canonical":"https:\/\/szkoladucha.pl\/kursy\/produkt\/boski-umysl-listopad\/","og_locale":"pl_PL","og_type":"article","og_title":"Trening Mentalny \u2013 LISTOPAD 2024 - Kursy Szko\u0142a Ducha","og_description":"Naucz si\u0119 \u015bwiadomie wp\u0142ywa\u0107 na to, co dzieje si\u0119 w Twoim wn\u0119trzu! Ono mo\u017ce sta\u0107 si\u0119 Twoim sprzymierze\u0144cem w realizacji marze\u0144 i plan\u00f3w. Czy zdarzy\u0142o Ci si\u0119 zastanawia\u0107, dlaczego mimo najlepszych plan\u00f3w czasem trudno osi\u0105gn\u0105\u0107 wymarzone cele? Albo dlaczego niekt\u00f3re nawyki tak trudno zmieni\u0107, nawet gdy wiesz, \u017ce przeszkadzaj\u0105 Ci w \u017cyciu?","og_url":"https:\/\/szkoladucha.pl\/kursy\/produkt\/boski-umysl-listopad\/","og_site_name":"Kursy Szko\u0142a Ducha","article_modified_time":"2026-02-24T13:14:37+00:00","twitter_card":"summary_large_image","twitter_image":"https:\/\/szkoladucha.pl\/kursy\/wp-content\/uploads\/sites\/5\/2024\/10\/drAS-BOSKI-UMYSL-FINANSE-1.png","twitter_misc":{"Szacowany czas czytania":"2 minuty"},"schema":{"@context":"https:\/\/schema.org","@graph":[{"@type":"WebPage","@id":"https:\/\/szkoladucha.pl\/kursy\/produkt\/boski-umysl-listopad\/","url":"https:\/\/szkoladucha.pl\/kursy\/produkt\/boski-umysl-listopad\/","name":"Trening Mentalny \u2013 LISTOPAD 2024 - Kursy Szko\u0142a Ducha","isPartOf":{"@id":"https:\/\/szkoladucha.pl\/kursy\/#website"},"primaryImageOfPage":{"@id":"https:\/\/szkoladucha.pl\/kursy\/produkt\/boski-umysl-listopad\/#primaryimage"},"image":{"@id":"https:\/\/szkoladucha.pl\/kursy\/produkt\/boski-umysl-listopad\/#primaryimage"},"thumbnailUrl":"https:\/\/szkoladucha.pl\/kursy\/wp-content\/uploads\/sites\/5\/2024\/10\/drAS-BOSKI-UMYSL-FINANSE-1.png","datePublished":"2024-10-24T09:56:41+00:00","dateModified":"2026-02-24T13:14:37+00:00","breadcrumb":{"@id":"https:\/\/szkoladucha.pl\/kursy\/produkt\/boski-umysl-listopad\/#breadcrumb"},"inLanguage":"pl-PL","potentialAction":[{"@type":"ReadAction","target":["https:\/\/szkoladucha.pl\/kursy\/produkt\/boski-umysl-listopad\/"]}]},{"@type":"ImageObject","inLanguage":"pl-PL","@id":"https:\/\/szkoladucha.pl\/kursy\/produkt\/boski-umysl-listopad\/#primaryimage","url":"https:\/\/szkoladucha.pl\/kursy\/wp-content\/uploads\/sites\/5\/2024\/10\/drAS-BOSKI-UMYSL-FINANSE-1.png","contentUrl":"https:\/\/szkoladucha.pl\/kursy\/wp-content\/uploads\/sites\/5\/2024\/10\/drAS-BOSKI-UMYSL-FINANSE-1.png","width":600,"height":640},{"@type":"BreadcrumbList","@id":"https:\/\/szkoladucha.pl\/kursy\/produkt\/boski-umysl-listopad\/#breadcrumb","itemListElement":[{"@type":"ListItem","position":1,"name":"Kursy","item":"https:\/\/szkoladucha.pl\/kursy\/"},{"@type":"ListItem","position":2,"name":"Kursy","item":"https:\/\/szkoladucha.pl\/kursy\/"},{"@type":"ListItem","position":3,"name":"Trening Mentalny \u2013 LISTOPAD 2024"}]},{"@type":"WebSite","@id":"https:\/\/szkoladucha.pl\/kursy\/#website","url":"https:\/\/szkoladucha.pl\/kursy\/","name":"Kursy Szko\u0142a Ducha","description":"Budujemy spo\u0142ecze\u0144stwo, kt\u00f3re \u015bwiadomie post\u0119puje zgodnie z planem.","publisher":{"@id":"https:\/\/szkoladucha.pl\/kursy\/#organization"},"potentialAction":[{"@type":"SearchAction","target":{"@type":"EntryPoint","urlTemplate":"https:\/\/szkoladucha.pl\/kursy\/?s={search_term_string}"},"query-input":{"@type":"PropertyValueSpecification","valueRequired":true,"valueName":"search_term_string"}}],"inLanguage":"pl-PL"},{"@type":"Organization","@id":"https:\/\/szkoladucha.pl\/kursy\/#organization","name":"Kursy Szko\u0142a Ducha","url":"https:\/\/szkoladucha.pl\/kursy\/","logo":{"@type":"ImageObject","inLanguage":"pl-PL","@id":"https:\/\/szkoladucha.pl\/kursy\/#\/schema\/logo\/image\/","url":"https:\/\/szkoladucha.pl\/kursy\/wp-content\/uploads\/sites\/5\/2022\/02\/kursy-szkola-ducha-logo-beztla-180px.png","contentUrl":"https:\/\/szkoladucha.pl\/kursy\/wp-content\/uploads\/sites\/5\/2022\/02\/kursy-szkola-ducha-logo-beztla-180px.png","width":180,"height":60,"caption":"Kursy Szko\u0142a Ducha"},"image":{"@id":"https:\/\/szkoladucha.pl\/kursy\/#\/schema\/logo\/image\/"}}]}},"_links":{"self":[{"href":"https:\/\/szkoladucha.pl\/kursy\/wp-json\/wp\/v2\/product\/16500","targetHints":{"allow":["GET"]}}],"collection":[{"href":"https:\/\/szkoladucha.pl\/kursy\/wp-json\/wp\/v2\/product"}],"about":[{"href":"https:\/\/szkoladucha.pl\/kursy\/wp-json\/wp\/v2\/types\/product"}],"replies":[{"embeddable":true,"href":"https:\/\/szkoladucha.pl\/kursy\/wp-json\/wp\/v2\/comments?post=16500"}],"wp:featuredmedia":[{"embeddable":true,"href":"https:\/\/szkoladucha.pl\/kursy\/wp-json\/wp\/v2\/media\/16860"}],"wp:attachment":[{"href":"https:\/\/szkoladucha.pl\/kursy\/wp-json\/wp\/v2\/media?parent=16500"}],"wp:term":[{"taxonomy":"product_brand","embeddable":true,"href":"https:\/\/szkoladucha.pl\/kursy\/wp-json\/wp\/v2\/product_brand?post=16500"},{"taxonomy":"product_cat","embeddable":true,"href":"https:\/\/szkoladucha.pl\/kursy\/wp-json\/wp\/v2\/product_cat?post=16500"},{"taxonomy":"product_tag","embeddable":true,"href":"https:\/\/szkoladucha.pl\/kursy\/wp-json\/wp\/v2\/product_tag?post=16500"}],"curies":[{"name":"wp","href":"https:\/\/api.w.org\/{rel}","templated":true}]}}