{"id":21088,"date":"2025-09-26T18:16:26","date_gmt":"2025-09-26T16:16:26","guid":{"rendered":"https:\/\/szkoladucha.pl\/kursy\/?post_type=product&#038;p=21088"},"modified":"2026-02-19T10:54:04","modified_gmt":"2026-02-19T09:54:04","slug":"trening-mentalny-listopad","status":"publish","type":"product","link":"https:\/\/szkoladucha.pl\/kursy\/produkt\/trening-mentalny-listopad\/","title":{"rendered":"Trening Mentalny \u2013 LISTOPAD 2025"},"content":{"rendered":"<p class=\"gb-headline gb-headline-4e2fa55c gb-headline-text\">Listopad to czas robienia porz\u0105dk\u00f3w przed nadchodz\u0105cymi \u015bwi\u0119tami. To te\u017c czas zag\u0142\u0119biania si\u0119 w siebie i spotkania ze sob\u0105 na innym poziomie, w autorefleksji, gdy za oknem deszcz i chmury.<\/p>\n<h3 data-start=\"424\" data-end=\"446\"><strong data-start=\"428\" data-end=\"444\">W listopadzie zajmujemy si\u0119 tematami:<\/strong><\/h3>\n<ol>\n<li><strong>Samokarania siebie<\/strong> \u2192 zamieniamy \u201emusz\u0119 i nie zas\u0142uguj\u0119\u201d na <strong>\u017cyczliwo\u015b\u0107 i realne wsparcie<\/strong> dla siebie.<\/li>\n<li><strong>Wewn\u0119trznym konfliktem\/rozdarciem<\/strong> \u2192 ko\u0144czymy wojn\u0119 w g\u0142owie; uczysz si\u0119 <strong>podejmowa\u0107 decyzje bez szarpania si\u0119<\/strong>.<\/li>\n<li><strong>Umniejszaniem sobie<\/strong> \u2192 przestajesz pomija\u0107 swoje sukcesy; budujesz <strong>cichy, stabilny szacunek do siebie<\/strong>.<\/li>\n<li><strong>Goryczy i zgorzknienia\/\u017cywienia urazy<\/strong> \u2192 domykamy to, co boli; odzyskujesz <strong>lekko\u015b\u0107, bez udawania<\/strong>.<\/li>\n<\/ol>\n<h3 data-start=\"424\" data-end=\"446\"><strong data-start=\"428\" data-end=\"444\">Co zyskasz:<\/strong><\/h3>\n<p data-start=\"424\" data-end=\"446\"><strong>Spotkania na \u017cywo oraz ich nagrania <img decoding=\"async\" class=\"emoji\" role=\"img\" draggable=\"false\" src=\"https:\/\/s.w.org\/images\/core\/emoji\/16.0.1\/svg\/1f399.svg\" alt=\"\ud83c\udf99\ufe0f\" \/>:<\/strong><\/p>\n<ul>\n<li data-start=\"424\" data-end=\"446\">Karanie siebie<\/li>\n<li data-start=\"424\" data-end=\"446\">Umniejszanie siebie<\/li>\n<li data-start=\"424\" data-end=\"446\">Wewn\u0119trzny Konflikt<\/li>\n<li data-start=\"424\" data-end=\"446\">Gorycz i zgorzknienie<\/li>\n<\/ul>\n<p data-start=\"424\" data-end=\"446\"><strong><span class=\"x1c3i2sq x19la9d6 x1fc57z9 xexx8yu x1ccui7m x18d9i69 x18pi947 x6ikm8r x10wlt62 x19co3pv x11tp94h xfibh0p xiy17q3 x1xsqp64\"><span class=\"\"><img decoding=\"async\" class=\"emoji\" role=\"img\" draggable=\"false\" src=\"https:\/\/s.w.org\/images\/core\/emoji\/16.0.1\/svg\/1f4da.svg\" alt=\"\ud83d\udcda\" \/> <\/span><\/span>4 workbooki\u00a0<\/strong>do pracy indywidualnej, z kt\u00f3rymi pog\u0142\u0119bisz prac\u0119 nad swoim umys\u0142em i lepiej poznasz siebie.<\/p>\n<h3 data-start=\"1171\" data-end=\"1216\"><strong data-start=\"1175\" data-end=\"1214\">Ten trening jest dla Ciebie, je\u015bli chcesz mie\u0107:<\/strong><\/h3>\n<p data-start=\"424\" data-end=\"446\"><img decoding=\"async\" class=\"emoji\" role=\"img\" draggable=\"false\" src=\"https:\/\/s.w.org\/images\/core\/emoji\/16.0.1\/svg\/2705.svg\" alt=\"\u2705\" \/> <strong>Energi\u0119 do wa\u017cnych spraw<\/strong> \u2013 odzyskasz czas, kt\u00f3ry zjada\u0142a wewn\u0119trzna walka \u26a1<\/p>\n<p data-start=\"424\" data-end=\"446\"><img decoding=\"async\" class=\"emoji\" role=\"img\" draggable=\"false\" src=\"https:\/\/s.w.org\/images\/core\/emoji\/16.0.1\/svg\/2705.svg\" alt=\"\u2705\" \/> <strong>\u017byczliwy dialog wewn\u0119trzny<\/strong> \u2013 uczysz si\u0119 m\u00f3wi\u0107 do siebie tak, by to <strong>naprawd\u0119 wzmacnia\u0142o<\/strong> \ud83e\udef6<\/p>\n<p data-start=\"424\" data-end=\"446\"><img decoding=\"async\" class=\"emoji\" role=\"img\" draggable=\"false\" src=\"https:\/\/s.w.org\/images\/core\/emoji\/16.0.1\/svg\/2705.svg\" alt=\"\u2705\" \/> <strong>Wi\u0119cej spokoju w decyzjach i pewno\u015bci, \u017ce idziesz w zamierzonym kierunku <\/strong><\/p>\n<p data-start=\"424\" data-end=\"446\"><img decoding=\"async\" class=\"emoji\" role=\"img\" draggable=\"false\" src=\"https:\/\/s.w.org\/images\/core\/emoji\/16.0.1\/svg\/2705.svg\" alt=\"\u2705\" \/> <strong>Grup\u0119 wsparcia<\/strong> \u2013 \u017cyczliwe osoby obok Ciebie. <strong>Nie idziesz sama<\/strong> \ud83e\udd1d<\/p>\n<p data-start=\"424\" data-end=\"446\">Je\u015bli czujesz, \u017ce to dobry moment, \u017ceby <strong>zdj\u0105\u0107 z siebie ci\u0119\u017car<\/strong> i <strong>zacz\u0105\u0107 oddycha\u0107 pe\u0142niej<\/strong> \u2013 zapraszam Ci\u0119 z ca\u0142ego serca. Do\u0142\u0105cz teraz!<\/p>\n","protected":false},"excerpt":{"rendered":"<h2 class=\"gb-headline gb-headline-a84460d0 gb-headline-text\">Zadbaj o siebie, swoje emocje i umys\u0142. Pozb\u0105d\u017a si\u0119 napi\u0119cia i zyskaj wi\u0119cej spokoju w \u017cyciu.<\/h2>\n<p class=\"gb-headline gb-headline-a84460d0 gb-headline-text\">Zdejmij z siebie ci\u0119\u017car przesz\u0142o\u015bci i zacznij oddycha\u0107 pe\u0142n\u0105 piersi\u0105. W tej cz\u0119\u015bci programu zamkniesz wewn\u0119trzne konflikty, przestaniesz sobie umniejsza\u0107 i pozb\u0119dziesz si\u0119 goryczy.<\/p>\n<p><!-- \/wp:generateblocks\/headline --> <!-- \/wp:generateblocks\/container --><\/p>\n","protected":false},"featured_media":21085,"comment_status":"open","ping_status":"closed","template":"","meta":[],"product_brand":[],"product_cat":[296],"product_tag":[289],"class_list":{"0":"post-21088","1":"product","2":"type-product","3":"status-publish","4":"has-post-thumbnail","6":"product_cat-trening-mentalny-2025","7":"product_tag-moje-kursy","8":"","9":"woocommerce-text-align-left","10":"woocommerce-image-align-center","11":"do-quantity-buttons","13":"first","14":"instock","15":"featured","16":"virtual","17":"sold-individually","18":"taxable","19":"purchasable","20":"product-type-simple"},"bundled_by":[],"bundle_stock_status":"instock","bundle_stock_quantity":null,"bundle_virtual":false,"bundle_layout":"","bundle_add_to_cart_form_location":"","bundle_editable_in_cart":false,"bundle_sold_individually_context":"","bundle_item_grouping":"","bundle_min_size":"","bundle_max_size":"","bundle_price":[],"bundled_items":[],"bundle_sell_ids":[],"exclude_global_add_ons":[],"addons":[],"yoast_head":"<!-- This site is optimized with the Yoast SEO plugin v27.3 - https:\/\/yoast.com\/product\/yoast-seo-wordpress\/ -->\n<title>Trening Mentalny \u2013 LISTOPAD 2025 - Kursy Szko\u0142a Ducha<\/title>\n<meta name=\"robots\" content=\"index, follow, max-snippet:-1, max-image-preview:large, max-video-preview:-1\" \/>\n<link rel=\"canonical\" href=\"https:\/\/szkoladucha.pl\/kursy\/produkt\/trening-mentalny-listopad\/\" \/>\n<meta property=\"og:locale\" content=\"pl_PL\" \/>\n<meta property=\"og:type\" content=\"article\" \/>\n<meta property=\"og:title\" content=\"Trening Mentalny \u2013 LISTOPAD 2025 - Kursy Szko\u0142a Ducha\" \/>\n<meta property=\"og:description\" content=\"Zadbaj o siebie, swoje emocje i umys\u0142. Pozb\u0105d\u017a si\u0119 napi\u0119cia i zyskaj wi\u0119cej spokoju w \u017cyciu. Zdejmij z siebie ci\u0119\u017car przesz\u0142o\u015bci i zacznij oddycha\u0107 pe\u0142n\u0105 piersi\u0105. W tej cz\u0119\u015bci programu zamkniesz wewn\u0119trzne konflikty, przestaniesz sobie umniejsza\u0107 i pozb\u0119dziesz si\u0119 goryczy.\" \/>\n<meta property=\"og:url\" content=\"https:\/\/szkoladucha.pl\/kursy\/produkt\/trening-mentalny-listopad\/\" \/>\n<meta property=\"og:site_name\" content=\"Kursy Szko\u0142a Ducha\" \/>\n<meta property=\"article:modified_time\" content=\"2026-02-19T09:54:04+00:00\" \/>\n<meta property=\"og:image\" content=\"https:\/\/szkoladucha.pl\/kursy\/wp-content\/uploads\/sites\/5\/2025\/02\/drAS_TM2025_odwaga_mockup.png\" \/>\n\t<meta property=\"og:image:width\" content=\"600\" \/>\n\t<meta property=\"og:image:height\" content=\"640\" \/>\n\t<meta property=\"og:image:type\" content=\"image\/png\" \/>\n<meta name=\"twitter:card\" content=\"summary_large_image\" \/>\n<meta name=\"twitter:label1\" content=\"Szacowany czas czytania\" \/>\n\t<meta name=\"twitter:data1\" content=\"3 minuty\" \/>\n<script type=\"application\/ld+json\" class=\"yoast-schema-graph\">{\"@context\":\"https:\\\/\\\/schema.org\",\"@graph\":[{\"@type\":\"WebPage\",\"@id\":\"https:\\\/\\\/szkoladucha.pl\\\/kursy\\\/produkt\\\/trening-mentalny-listopad\\\/\",\"url\":\"https:\\\/\\\/szkoladucha.pl\\\/kursy\\\/produkt\\\/trening-mentalny-listopad\\\/\",\"name\":\"Trening Mentalny \u2013 LISTOPAD 2025 - Kursy Szko\u0142a Ducha\",\"isPartOf\":{\"@id\":\"https:\\\/\\\/szkoladucha.pl\\\/kursy\\\/#website\"},\"primaryImageOfPage\":{\"@id\":\"https:\\\/\\\/szkoladucha.pl\\\/kursy\\\/produkt\\\/trening-mentalny-listopad\\\/#primaryimage\"},\"image\":{\"@id\":\"https:\\\/\\\/szkoladucha.pl\\\/kursy\\\/produkt\\\/trening-mentalny-listopad\\\/#primaryimage\"},\"thumbnailUrl\":\"https:\\\/\\\/szkoladucha.pl\\\/kursy\\\/wp-content\\\/uploads\\\/sites\\\/5\\\/2025\\\/09\\\/2025-11-TM-LIS-mockup.png\",\"datePublished\":\"2025-09-26T16:16:26+00:00\",\"dateModified\":\"2026-02-19T09:54:04+00:00\",\"breadcrumb\":{\"@id\":\"https:\\\/\\\/szkoladucha.pl\\\/kursy\\\/produkt\\\/trening-mentalny-listopad\\\/#breadcrumb\"},\"inLanguage\":\"pl-PL\",\"potentialAction\":[{\"@type\":\"ReadAction\",\"target\":[\"https:\\\/\\\/szkoladucha.pl\\\/kursy\\\/produkt\\\/trening-mentalny-listopad\\\/\"]}]},{\"@type\":\"ImageObject\",\"inLanguage\":\"pl-PL\",\"@id\":\"https:\\\/\\\/szkoladucha.pl\\\/kursy\\\/produkt\\\/trening-mentalny-listopad\\\/#primaryimage\",\"url\":\"https:\\\/\\\/szkoladucha.pl\\\/kursy\\\/wp-content\\\/uploads\\\/sites\\\/5\\\/2025\\\/09\\\/2025-11-TM-LIS-mockup.png\",\"contentUrl\":\"https:\\\/\\\/szkoladucha.pl\\\/kursy\\\/wp-content\\\/uploads\\\/sites\\\/5\\\/2025\\\/09\\\/2025-11-TM-LIS-mockup.png\",\"width\":600,\"height\":640},{\"@type\":\"BreadcrumbList\",\"@id\":\"https:\\\/\\\/szkoladucha.pl\\\/kursy\\\/produkt\\\/trening-mentalny-listopad\\\/#breadcrumb\",\"itemListElement\":[{\"@type\":\"ListItem\",\"position\":1,\"name\":\"Kursy\",\"item\":\"https:\\\/\\\/szkoladucha.pl\\\/kursy\\\/\"},{\"@type\":\"ListItem\",\"position\":2,\"name\":\"Kursy\",\"item\":\"https:\\\/\\\/szkoladucha.pl\\\/kursy\\\/\"},{\"@type\":\"ListItem\",\"position\":3,\"name\":\"Trening Mentalny \u2013 LISTOPAD 2025\"}]},{\"@type\":\"WebSite\",\"@id\":\"https:\\\/\\\/szkoladucha.pl\\\/kursy\\\/#website\",\"url\":\"https:\\\/\\\/szkoladucha.pl\\\/kursy\\\/\",\"name\":\"Kursy Szko\u0142a Ducha\",\"description\":\"Budujemy spo\u0142ecze\u0144stwo, kt\u00f3re \u015bwiadomie post\u0119puje zgodnie z planem.\",\"publisher\":{\"@id\":\"https:\\\/\\\/szkoladucha.pl\\\/kursy\\\/#organization\"},\"potentialAction\":[{\"@type\":\"SearchAction\",\"target\":{\"@type\":\"EntryPoint\",\"urlTemplate\":\"https:\\\/\\\/szkoladucha.pl\\\/kursy\\\/?s={search_term_string}\"},\"query-input\":{\"@type\":\"PropertyValueSpecification\",\"valueRequired\":true,\"valueName\":\"search_term_string\"}}],\"inLanguage\":\"pl-PL\"},{\"@type\":\"Organization\",\"@id\":\"https:\\\/\\\/szkoladucha.pl\\\/kursy\\\/#organization\",\"name\":\"Kursy Szko\u0142a Ducha\",\"url\":\"https:\\\/\\\/szkoladucha.pl\\\/kursy\\\/\",\"logo\":{\"@type\":\"ImageObject\",\"inLanguage\":\"pl-PL\",\"@id\":\"https:\\\/\\\/szkoladucha.pl\\\/kursy\\\/#\\\/schema\\\/logo\\\/image\\\/\",\"url\":\"https:\\\/\\\/szkoladucha.pl\\\/kursy\\\/wp-content\\\/uploads\\\/sites\\\/5\\\/2022\\\/02\\\/kursy-szkola-ducha-logo-beztla-180px.png\",\"contentUrl\":\"https:\\\/\\\/szkoladucha.pl\\\/kursy\\\/wp-content\\\/uploads\\\/sites\\\/5\\\/2022\\\/02\\\/kursy-szkola-ducha-logo-beztla-180px.png\",\"width\":180,\"height\":60,\"caption\":\"Kursy Szko\u0142a Ducha\"},\"image\":{\"@id\":\"https:\\\/\\\/szkoladucha.pl\\\/kursy\\\/#\\\/schema\\\/logo\\\/image\\\/\"}}]}<\/script>\n<!-- \/ Yoast SEO plugin. -->","yoast_head_json":{"title":"Trening Mentalny \u2013 LISTOPAD 2025 - Kursy Szko\u0142a Ducha","robots":{"index":"index","follow":"follow","max-snippet":"max-snippet:-1","max-image-preview":"max-image-preview:large","max-video-preview":"max-video-preview:-1"},"canonical":"https:\/\/szkoladucha.pl\/kursy\/produkt\/trening-mentalny-listopad\/","og_locale":"pl_PL","og_type":"article","og_title":"Trening Mentalny \u2013 LISTOPAD 2025 - Kursy Szko\u0142a Ducha","og_description":"Zadbaj o siebie, swoje emocje i umys\u0142. Pozb\u0105d\u017a si\u0119 napi\u0119cia i zyskaj wi\u0119cej spokoju w \u017cyciu. Zdejmij z siebie ci\u0119\u017car przesz\u0142o\u015bci i zacznij oddycha\u0107 pe\u0142n\u0105 piersi\u0105. W tej cz\u0119\u015bci programu zamkniesz wewn\u0119trzne konflikty, przestaniesz sobie umniejsza\u0107 i pozb\u0119dziesz si\u0119 goryczy.","og_url":"https:\/\/szkoladucha.pl\/kursy\/produkt\/trening-mentalny-listopad\/","og_site_name":"Kursy Szko\u0142a Ducha","article_modified_time":"2026-02-19T09:54:04+00:00","og_image":[{"width":600,"height":640,"url":"https:\/\/szkoladucha.pl\/kursy\/wp-content\/uploads\/sites\/5\/2025\/02\/drAS_TM2025_odwaga_mockup.png","type":"image\/png"}],"twitter_card":"summary_large_image","twitter_misc":{"Szacowany czas czytania":"3 minuty"},"schema":{"@context":"https:\/\/schema.org","@graph":[{"@type":"WebPage","@id":"https:\/\/szkoladucha.pl\/kursy\/produkt\/trening-mentalny-listopad\/","url":"https:\/\/szkoladucha.pl\/kursy\/produkt\/trening-mentalny-listopad\/","name":"Trening Mentalny \u2013 LISTOPAD 2025 - Kursy Szko\u0142a Ducha","isPartOf":{"@id":"https:\/\/szkoladucha.pl\/kursy\/#website"},"primaryImageOfPage":{"@id":"https:\/\/szkoladucha.pl\/kursy\/produkt\/trening-mentalny-listopad\/#primaryimage"},"image":{"@id":"https:\/\/szkoladucha.pl\/kursy\/produkt\/trening-mentalny-listopad\/#primaryimage"},"thumbnailUrl":"https:\/\/szkoladucha.pl\/kursy\/wp-content\/uploads\/sites\/5\/2025\/09\/2025-11-TM-LIS-mockup.png","datePublished":"2025-09-26T16:16:26+00:00","dateModified":"2026-02-19T09:54:04+00:00","breadcrumb":{"@id":"https:\/\/szkoladucha.pl\/kursy\/produkt\/trening-mentalny-listopad\/#breadcrumb"},"inLanguage":"pl-PL","potentialAction":[{"@type":"ReadAction","target":["https:\/\/szkoladucha.pl\/kursy\/produkt\/trening-mentalny-listopad\/"]}]},{"@type":"ImageObject","inLanguage":"pl-PL","@id":"https:\/\/szkoladucha.pl\/kursy\/produkt\/trening-mentalny-listopad\/#primaryimage","url":"https:\/\/szkoladucha.pl\/kursy\/wp-content\/uploads\/sites\/5\/2025\/09\/2025-11-TM-LIS-mockup.png","contentUrl":"https:\/\/szkoladucha.pl\/kursy\/wp-content\/uploads\/sites\/5\/2025\/09\/2025-11-TM-LIS-mockup.png","width":600,"height":640},{"@type":"BreadcrumbList","@id":"https:\/\/szkoladucha.pl\/kursy\/produkt\/trening-mentalny-listopad\/#breadcrumb","itemListElement":[{"@type":"ListItem","position":1,"name":"Kursy","item":"https:\/\/szkoladucha.pl\/kursy\/"},{"@type":"ListItem","position":2,"name":"Kursy","item":"https:\/\/szkoladucha.pl\/kursy\/"},{"@type":"ListItem","position":3,"name":"Trening Mentalny \u2013 LISTOPAD 2025"}]},{"@type":"WebSite","@id":"https:\/\/szkoladucha.pl\/kursy\/#website","url":"https:\/\/szkoladucha.pl\/kursy\/","name":"Kursy Szko\u0142a Ducha","description":"Budujemy spo\u0142ecze\u0144stwo, kt\u00f3re \u015bwiadomie post\u0119puje zgodnie z planem.","publisher":{"@id":"https:\/\/szkoladucha.pl\/kursy\/#organization"},"potentialAction":[{"@type":"SearchAction","target":{"@type":"EntryPoint","urlTemplate":"https:\/\/szkoladucha.pl\/kursy\/?s={search_term_string}"},"query-input":{"@type":"PropertyValueSpecification","valueRequired":true,"valueName":"search_term_string"}}],"inLanguage":"pl-PL"},{"@type":"Organization","@id":"https:\/\/szkoladucha.pl\/kursy\/#organization","name":"Kursy Szko\u0142a Ducha","url":"https:\/\/szkoladucha.pl\/kursy\/","logo":{"@type":"ImageObject","inLanguage":"pl-PL","@id":"https:\/\/szkoladucha.pl\/kursy\/#\/schema\/logo\/image\/","url":"https:\/\/szkoladucha.pl\/kursy\/wp-content\/uploads\/sites\/5\/2022\/02\/kursy-szkola-ducha-logo-beztla-180px.png","contentUrl":"https:\/\/szkoladucha.pl\/kursy\/wp-content\/uploads\/sites\/5\/2022\/02\/kursy-szkola-ducha-logo-beztla-180px.png","width":180,"height":60,"caption":"Kursy Szko\u0142a Ducha"},"image":{"@id":"https:\/\/szkoladucha.pl\/kursy\/#\/schema\/logo\/image\/"}}]}},"_links":{"self":[{"href":"https:\/\/szkoladucha.pl\/kursy\/wp-json\/wp\/v2\/product\/21088","targetHints":{"allow":["GET"]}}],"collection":[{"href":"https:\/\/szkoladucha.pl\/kursy\/wp-json\/wp\/v2\/product"}],"about":[{"href":"https:\/\/szkoladucha.pl\/kursy\/wp-json\/wp\/v2\/types\/product"}],"replies":[{"embeddable":true,"href":"https:\/\/szkoladucha.pl\/kursy\/wp-json\/wp\/v2\/comments?post=21088"}],"wp:featuredmedia":[{"embeddable":true,"href":"https:\/\/szkoladucha.pl\/kursy\/wp-json\/wp\/v2\/media\/21085"}],"wp:attachment":[{"href":"https:\/\/szkoladucha.pl\/kursy\/wp-json\/wp\/v2\/media?parent=21088"}],"wp:term":[{"taxonomy":"product_brand","embeddable":true,"href":"https:\/\/szkoladucha.pl\/kursy\/wp-json\/wp\/v2\/product_brand?post=21088"},{"taxonomy":"product_cat","embeddable":true,"href":"https:\/\/szkoladucha.pl\/kursy\/wp-json\/wp\/v2\/product_cat?post=21088"},{"taxonomy":"product_tag","embeddable":true,"href":"https:\/\/szkoladucha.pl\/kursy\/wp-json\/wp\/v2\/product_tag?post=21088"}],"curies":[{"name":"wp","href":"https:\/\/api.w.org\/{rel}","templated":true}]}}