{"id":654,"date":"2022-02-01T16:41:26","date_gmt":"2022-02-01T15:41:26","guid":{"rendered":"https:\/\/szkoladucha.pl\/kursy\/?post_type=product&#038;p=654"},"modified":"2025-12-11T13:21:02","modified_gmt":"2025-12-11T12:21:02","slug":"ebook-o-mamo-ty-tez-jestes-wazna-gabriela-sawa","status":"publish","type":"product","link":"https:\/\/szkoladucha.pl\/kursy\/produkt\/ebook-o-mamo-ty-tez-jestes-wazna-gabriela-sawa\/","title":{"rendered":"Ebook &#8211; O MAMO! Ty te\u017c jeste\u015b wa\u017cna &#8211; Gabriela Sawa"},"content":{"rendered":"<h2>Entuzjazm w domu &#8211; to mo\u017cliwe!<\/h2>\n<p>Dawka pozytywnej energii, nietuzinkowe pomys\u0142y na sp\u0119dzanie czasu z dzie\u0107mi i tw\u00f3rcze sposoby wychowania. To wszystko w jednym e-booku!<\/p>\n<p>Ponadto, porady terapeutki i coacha, jak wyrwa\u0107 si\u0119 z pesymizmu, bardziej pokocha\u0107 sam\u0105 siebie, jako mama i\u2026 wrzuci\u0107 na luz. A najwa\u017cniejsze, zbudowa\u0107 relacj\u0119 z Twoj\u0105 pociech\u0105, kt\u00f3ra b\u0119dzie trwa\u0142a na lata!<\/p>\n<p>Uwierz w siebie i uruchom pok\u0142ady swojej mocy!<\/p>\n","protected":false},"excerpt":{"rendered":"<p>Jak rozpali\u0107 w sobie zapa\u0142 do bycia rodzicem? \u015awie\u017ce porady m\u0142odej mamy, kt\u00f3ra nie boi si\u0119 codziennych wyzwa\u0144. Zainspiruj si\u0119 i uwolnij swoj\u0105 kreatywno\u015b\u0107!<\/p>\n","protected":false},"featured_media":3333,"comment_status":"closed","ping_status":"closed","template":"","meta":[],"product_brand":[],"product_cat":[104,103],"product_tag":[],"class_list":{"0":"post-654","1":"product","2":"type-product","3":"status-publish","4":"has-post-thumbnail","6":"product_cat-akademia-mdm","7":"product_cat-ebook","8":"pa_autor-gabriela-sawa","9":"pa_tytul-o-mamo-ty-tez-jestes-wazna","10":"","11":"woocommerce-text-align-left","12":"woocommerce-image-align-center","13":"do-quantity-buttons","14":"wc-has-gallery","16":"first","17":"instock","18":"downloadable","19":"virtual","20":"sold-individually","21":"taxable","22":"purchasable","23":"product-type-simple"},"bundled_by":["3625","3629"],"bundle_stock_status":"instock","bundle_stock_quantity":null,"bundle_virtual":false,"bundle_layout":"","bundle_add_to_cart_form_location":"","bundle_editable_in_cart":false,"bundle_sold_individually_context":"","bundle_item_grouping":"","bundle_min_size":"","bundle_max_size":"","bundle_price":[],"bundled_items":[],"bundle_sell_ids":[],"exclude_global_add_ons":[],"addons":[],"yoast_head":"<!-- This site is optimized with the Yoast SEO plugin v27.3 - https:\/\/yoast.com\/product\/yoast-seo-wordpress\/ -->\n<title>Ebook - O MAMO! Ty te\u017c jeste\u015b wa\u017cna - Gabriela Sawa - Kursy Szko\u0142a Ducha<\/title>\n<meta name=\"robots\" content=\"index, follow, max-snippet:-1, max-image-preview:large, max-video-preview:-1\" \/>\n<link rel=\"canonical\" href=\"https:\/\/szkoladucha.pl\/kursy\/produkt\/ebook-o-mamo-ty-tez-jestes-wazna-gabriela-sawa\/\" \/>\n<meta property=\"og:locale\" content=\"pl_PL\" \/>\n<meta property=\"og:type\" content=\"article\" \/>\n<meta property=\"og:title\" content=\"Ebook - O MAMO! Ty te\u017c jeste\u015b wa\u017cna - Gabriela Sawa - Kursy Szko\u0142a Ducha\" \/>\n<meta property=\"og:description\" content=\"Jak rozpali\u0107 w sobie zapa\u0142 do bycia rodzicem? \u015awie\u017ce porady m\u0142odej mamy, kt\u00f3ra nie boi si\u0119 codziennych wyzwa\u0144. Zainspiruj si\u0119 i uwolnij swoj\u0105 kreatywno\u015b\u0107!\" \/>\n<meta property=\"og:url\" content=\"https:\/\/szkoladucha.pl\/kursy\/produkt\/ebook-o-mamo-ty-tez-jestes-wazna-gabriela-sawa\/\" \/>\n<meta property=\"og:site_name\" content=\"Kursy Szko\u0142a Ducha\" \/>\n<meta property=\"article:modified_time\" content=\"2025-12-11T12:21:02+00:00\" \/>\n<meta property=\"og:image\" content=\"https:\/\/szkoladucha.pl\/kursy\/wp-content\/uploads\/sites\/5\/2022\/02\/ebook-o-mamo-1.jpg\" \/>\n\t<meta property=\"og:image:width\" content=\"1200\" \/>\n\t<meta property=\"og:image:height\" content=\"1200\" \/>\n\t<meta property=\"og:image:type\" content=\"image\/jpeg\" \/>\n<meta name=\"twitter:card\" content=\"summary_large_image\" \/>\n<meta name=\"twitter:label1\" content=\"Szacowany czas czytania\" \/>\n\t<meta name=\"twitter:data1\" content=\"1 minuta\" \/>\n<script type=\"application\/ld+json\" class=\"yoast-schema-graph\">{\"@context\":\"https:\\\/\\\/schema.org\",\"@graph\":[{\"@type\":\"WebPage\",\"@id\":\"https:\\\/\\\/szkoladucha.pl\\\/kursy\\\/produkt\\\/ebook-o-mamo-ty-tez-jestes-wazna-gabriela-sawa\\\/\",\"url\":\"https:\\\/\\\/szkoladucha.pl\\\/kursy\\\/produkt\\\/ebook-o-mamo-ty-tez-jestes-wazna-gabriela-sawa\\\/\",\"name\":\"Ebook - O MAMO! Ty te\u017c jeste\u015b wa\u017cna - Gabriela Sawa - Kursy Szko\u0142a Ducha\",\"isPartOf\":{\"@id\":\"https:\\\/\\\/szkoladucha.pl\\\/kursy\\\/#website\"},\"primaryImageOfPage\":{\"@id\":\"https:\\\/\\\/szkoladucha.pl\\\/kursy\\\/produkt\\\/ebook-o-mamo-ty-tez-jestes-wazna-gabriela-sawa\\\/#primaryimage\"},\"image\":{\"@id\":\"https:\\\/\\\/szkoladucha.pl\\\/kursy\\\/produkt\\\/ebook-o-mamo-ty-tez-jestes-wazna-gabriela-sawa\\\/#primaryimage\"},\"thumbnailUrl\":\"https:\\\/\\\/szkoladucha.pl\\\/kursy\\\/wp-content\\\/uploads\\\/sites\\\/5\\\/2022\\\/02\\\/ebook-o-mamo-1.jpg\",\"datePublished\":\"2022-02-01T15:41:26+00:00\",\"dateModified\":\"2025-12-11T12:21:02+00:00\",\"breadcrumb\":{\"@id\":\"https:\\\/\\\/szkoladucha.pl\\\/kursy\\\/produkt\\\/ebook-o-mamo-ty-tez-jestes-wazna-gabriela-sawa\\\/#breadcrumb\"},\"inLanguage\":\"pl-PL\",\"potentialAction\":[{\"@type\":\"ReadAction\",\"target\":[\"https:\\\/\\\/szkoladucha.pl\\\/kursy\\\/produkt\\\/ebook-o-mamo-ty-tez-jestes-wazna-gabriela-sawa\\\/\"]}]},{\"@type\":\"ImageObject\",\"inLanguage\":\"pl-PL\",\"@id\":\"https:\\\/\\\/szkoladucha.pl\\\/kursy\\\/produkt\\\/ebook-o-mamo-ty-tez-jestes-wazna-gabriela-sawa\\\/#primaryimage\",\"url\":\"https:\\\/\\\/szkoladucha.pl\\\/kursy\\\/wp-content\\\/uploads\\\/sites\\\/5\\\/2022\\\/02\\\/ebook-o-mamo-1.jpg\",\"contentUrl\":\"https:\\\/\\\/szkoladucha.pl\\\/kursy\\\/wp-content\\\/uploads\\\/sites\\\/5\\\/2022\\\/02\\\/ebook-o-mamo-1.jpg\",\"width\":1200,\"height\":1200},{\"@type\":\"BreadcrumbList\",\"@id\":\"https:\\\/\\\/szkoladucha.pl\\\/kursy\\\/produkt\\\/ebook-o-mamo-ty-tez-jestes-wazna-gabriela-sawa\\\/#breadcrumb\",\"itemListElement\":[{\"@type\":\"ListItem\",\"position\":1,\"name\":\"Kursy\",\"item\":\"https:\\\/\\\/szkoladucha.pl\\\/kursy\\\/\"},{\"@type\":\"ListItem\",\"position\":2,\"name\":\"Kursy\",\"item\":\"https:\\\/\\\/szkoladucha.pl\\\/kursy\\\/\"},{\"@type\":\"ListItem\",\"position\":3,\"name\":\"Ebook &#8211; O MAMO! Ty te\u017c jeste\u015b wa\u017cna &#8211; Gabriela Sawa\"}]},{\"@type\":\"WebSite\",\"@id\":\"https:\\\/\\\/szkoladucha.pl\\\/kursy\\\/#website\",\"url\":\"https:\\\/\\\/szkoladucha.pl\\\/kursy\\\/\",\"name\":\"Kursy Szko\u0142a Ducha\",\"description\":\"Budujemy spo\u0142ecze\u0144stwo, kt\u00f3re \u015bwiadomie post\u0119puje zgodnie z planem.\",\"publisher\":{\"@id\":\"https:\\\/\\\/szkoladucha.pl\\\/kursy\\\/#organization\"},\"potentialAction\":[{\"@type\":\"SearchAction\",\"target\":{\"@type\":\"EntryPoint\",\"urlTemplate\":\"https:\\\/\\\/szkoladucha.pl\\\/kursy\\\/?s={search_term_string}\"},\"query-input\":{\"@type\":\"PropertyValueSpecification\",\"valueRequired\":true,\"valueName\":\"search_term_string\"}}],\"inLanguage\":\"pl-PL\"},{\"@type\":\"Organization\",\"@id\":\"https:\\\/\\\/szkoladucha.pl\\\/kursy\\\/#organization\",\"name\":\"Kursy Szko\u0142a Ducha\",\"url\":\"https:\\\/\\\/szkoladucha.pl\\\/kursy\\\/\",\"logo\":{\"@type\":\"ImageObject\",\"inLanguage\":\"pl-PL\",\"@id\":\"https:\\\/\\\/szkoladucha.pl\\\/kursy\\\/#\\\/schema\\\/logo\\\/image\\\/\",\"url\":\"https:\\\/\\\/szkoladucha.pl\\\/kursy\\\/wp-content\\\/uploads\\\/sites\\\/5\\\/2022\\\/02\\\/kursy-szkola-ducha-logo-beztla-180px.png\",\"contentUrl\":\"https:\\\/\\\/szkoladucha.pl\\\/kursy\\\/wp-content\\\/uploads\\\/sites\\\/5\\\/2022\\\/02\\\/kursy-szkola-ducha-logo-beztla-180px.png\",\"width\":180,\"height\":60,\"caption\":\"Kursy Szko\u0142a Ducha\"},\"image\":{\"@id\":\"https:\\\/\\\/szkoladucha.pl\\\/kursy\\\/#\\\/schema\\\/logo\\\/image\\\/\"}}]}<\/script>\n<!-- \/ Yoast SEO plugin. -->","yoast_head_json":{"title":"Ebook - O MAMO! Ty te\u017c jeste\u015b wa\u017cna - Gabriela Sawa - Kursy Szko\u0142a Ducha","robots":{"index":"index","follow":"follow","max-snippet":"max-snippet:-1","max-image-preview":"max-image-preview:large","max-video-preview":"max-video-preview:-1"},"canonical":"https:\/\/szkoladucha.pl\/kursy\/produkt\/ebook-o-mamo-ty-tez-jestes-wazna-gabriela-sawa\/","og_locale":"pl_PL","og_type":"article","og_title":"Ebook - O MAMO! Ty te\u017c jeste\u015b wa\u017cna - Gabriela Sawa - Kursy Szko\u0142a Ducha","og_description":"Jak rozpali\u0107 w sobie zapa\u0142 do bycia rodzicem? \u015awie\u017ce porady m\u0142odej mamy, kt\u00f3ra nie boi si\u0119 codziennych wyzwa\u0144. Zainspiruj si\u0119 i uwolnij swoj\u0105 kreatywno\u015b\u0107!","og_url":"https:\/\/szkoladucha.pl\/kursy\/produkt\/ebook-o-mamo-ty-tez-jestes-wazna-gabriela-sawa\/","og_site_name":"Kursy Szko\u0142a Ducha","article_modified_time":"2025-12-11T12:21:02+00:00","og_image":[{"width":1200,"height":1200,"url":"https:\/\/szkoladucha.pl\/kursy\/wp-content\/uploads\/sites\/5\/2022\/02\/ebook-o-mamo-1.jpg","type":"image\/jpeg"}],"twitter_card":"summary_large_image","twitter_misc":{"Szacowany czas czytania":"1 minuta"},"schema":{"@context":"https:\/\/schema.org","@graph":[{"@type":"WebPage","@id":"https:\/\/szkoladucha.pl\/kursy\/produkt\/ebook-o-mamo-ty-tez-jestes-wazna-gabriela-sawa\/","url":"https:\/\/szkoladucha.pl\/kursy\/produkt\/ebook-o-mamo-ty-tez-jestes-wazna-gabriela-sawa\/","name":"Ebook - O MAMO! Ty te\u017c jeste\u015b wa\u017cna - Gabriela Sawa - Kursy Szko\u0142a Ducha","isPartOf":{"@id":"https:\/\/szkoladucha.pl\/kursy\/#website"},"primaryImageOfPage":{"@id":"https:\/\/szkoladucha.pl\/kursy\/produkt\/ebook-o-mamo-ty-tez-jestes-wazna-gabriela-sawa\/#primaryimage"},"image":{"@id":"https:\/\/szkoladucha.pl\/kursy\/produkt\/ebook-o-mamo-ty-tez-jestes-wazna-gabriela-sawa\/#primaryimage"},"thumbnailUrl":"https:\/\/szkoladucha.pl\/kursy\/wp-content\/uploads\/sites\/5\/2022\/02\/ebook-o-mamo-1.jpg","datePublished":"2022-02-01T15:41:26+00:00","dateModified":"2025-12-11T12:21:02+00:00","breadcrumb":{"@id":"https:\/\/szkoladucha.pl\/kursy\/produkt\/ebook-o-mamo-ty-tez-jestes-wazna-gabriela-sawa\/#breadcrumb"},"inLanguage":"pl-PL","potentialAction":[{"@type":"ReadAction","target":["https:\/\/szkoladucha.pl\/kursy\/produkt\/ebook-o-mamo-ty-tez-jestes-wazna-gabriela-sawa\/"]}]},{"@type":"ImageObject","inLanguage":"pl-PL","@id":"https:\/\/szkoladucha.pl\/kursy\/produkt\/ebook-o-mamo-ty-tez-jestes-wazna-gabriela-sawa\/#primaryimage","url":"https:\/\/szkoladucha.pl\/kursy\/wp-content\/uploads\/sites\/5\/2022\/02\/ebook-o-mamo-1.jpg","contentUrl":"https:\/\/szkoladucha.pl\/kursy\/wp-content\/uploads\/sites\/5\/2022\/02\/ebook-o-mamo-1.jpg","width":1200,"height":1200},{"@type":"BreadcrumbList","@id":"https:\/\/szkoladucha.pl\/kursy\/produkt\/ebook-o-mamo-ty-tez-jestes-wazna-gabriela-sawa\/#breadcrumb","itemListElement":[{"@type":"ListItem","position":1,"name":"Kursy","item":"https:\/\/szkoladucha.pl\/kursy\/"},{"@type":"ListItem","position":2,"name":"Kursy","item":"https:\/\/szkoladucha.pl\/kursy\/"},{"@type":"ListItem","position":3,"name":"Ebook &#8211; O MAMO! Ty te\u017c jeste\u015b wa\u017cna &#8211; Gabriela Sawa"}]},{"@type":"WebSite","@id":"https:\/\/szkoladucha.pl\/kursy\/#website","url":"https:\/\/szkoladucha.pl\/kursy\/","name":"Kursy Szko\u0142a Ducha","description":"Budujemy spo\u0142ecze\u0144stwo, kt\u00f3re \u015bwiadomie post\u0119puje zgodnie z planem.","publisher":{"@id":"https:\/\/szkoladucha.pl\/kursy\/#organization"},"potentialAction":[{"@type":"SearchAction","target":{"@type":"EntryPoint","urlTemplate":"https:\/\/szkoladucha.pl\/kursy\/?s={search_term_string}"},"query-input":{"@type":"PropertyValueSpecification","valueRequired":true,"valueName":"search_term_string"}}],"inLanguage":"pl-PL"},{"@type":"Organization","@id":"https:\/\/szkoladucha.pl\/kursy\/#organization","name":"Kursy Szko\u0142a Ducha","url":"https:\/\/szkoladucha.pl\/kursy\/","logo":{"@type":"ImageObject","inLanguage":"pl-PL","@id":"https:\/\/szkoladucha.pl\/kursy\/#\/schema\/logo\/image\/","url":"https:\/\/szkoladucha.pl\/kursy\/wp-content\/uploads\/sites\/5\/2022\/02\/kursy-szkola-ducha-logo-beztla-180px.png","contentUrl":"https:\/\/szkoladucha.pl\/kursy\/wp-content\/uploads\/sites\/5\/2022\/02\/kursy-szkola-ducha-logo-beztla-180px.png","width":180,"height":60,"caption":"Kursy Szko\u0142a Ducha"},"image":{"@id":"https:\/\/szkoladucha.pl\/kursy\/#\/schema\/logo\/image\/"}}]}},"_links":{"self":[{"href":"https:\/\/szkoladucha.pl\/kursy\/wp-json\/wp\/v2\/product\/654","targetHints":{"allow":["GET"]}}],"collection":[{"href":"https:\/\/szkoladucha.pl\/kursy\/wp-json\/wp\/v2\/product"}],"about":[{"href":"https:\/\/szkoladucha.pl\/kursy\/wp-json\/wp\/v2\/types\/product"}],"replies":[{"embeddable":true,"href":"https:\/\/szkoladucha.pl\/kursy\/wp-json\/wp\/v2\/comments?post=654"}],"wp:featuredmedia":[{"embeddable":true,"href":"https:\/\/szkoladucha.pl\/kursy\/wp-json\/wp\/v2\/media\/3333"}],"wp:attachment":[{"href":"https:\/\/szkoladucha.pl\/kursy\/wp-json\/wp\/v2\/media?parent=654"}],"wp:term":[{"taxonomy":"product_brand","embeddable":true,"href":"https:\/\/szkoladucha.pl\/kursy\/wp-json\/wp\/v2\/product_brand?post=654"},{"taxonomy":"product_cat","embeddable":true,"href":"https:\/\/szkoladucha.pl\/kursy\/wp-json\/wp\/v2\/product_cat?post=654"},{"taxonomy":"product_tag","embeddable":true,"href":"https:\/\/szkoladucha.pl\/kursy\/wp-json\/wp\/v2\/product_tag?post=654"}],"curies":[{"name":"wp","href":"https:\/\/api.w.org\/{rel}","templated":true}]}}