{"id":7381,"date":"2022-11-17T11:24:12","date_gmt":"2022-11-17T11:24:12","guid":{"rendered":"https:\/\/szkoladucha.pl\/sklep\/?page_id=7381"},"modified":"2022-11-17T11:24:13","modified_gmt":"2022-11-17T11:24:13","slug":"dziekuje-pelna-laski","status":"publish","type":"page","link":"https:\/\/szkoladucha.pl\/sklep\/dziekuje-pelna-laski\/","title":{"rendered":"Dzi\u0119kuj\u0119 &#8211; Pe\u0142na \u0142aski!"},"content":{"rendered":"<div class=\"gb-grid-wrapper gb-grid-wrapper-c43be577\">\n<div class=\"gb-grid-column gb-grid-column-412ce34b\"><div class=\"gb-container gb-container-412ce34b\"><div class=\"gb-inside-container\">\n\n<figure class=\"gb-block-image gb-block-image-c6a243da\"><img decoding=\"async\" class=\"gb-image gb-image-c6a243da\" src=\"https:\/\/szkoladucha.pl\/szkolenie\/wp-content\/uploads\/sites\/10\/2022\/08\/dr-Anna-Saj-zlote-logo-300x111.png\" alt=\"\" title=\"dr Anna Saj z\u0142ote logo\"\/><\/figure>\n\n\n\n<h2 class=\"gb-headline gb-headline-4b8ce82f gb-headline-text\">Wszystko przebieg\u0142o pomy\u015blnie!<\/h2>\n\n\n\n<h4 class=\"gb-headline gb-headline-5ae682a2 gb-headline-text\">To wspania\u0142y krok ku lepszemu.<\/h4>\n\n\n\n<p class=\"gb-headline gb-headline-8272445a gb-headline-text\">Na tw\u00f3j adres email wys\u0142ali\u015bmy wiadomo\u015b\u0107 z informacj\u0105, jak otrzyma\u0107 dost\u0119p do Kursu Pe\u0142na \u0141aski!<\/p>\n\n<\/div><\/div><\/div>\n<\/div>","protected":false},"excerpt":{"rendered":"","protected":false},"author":22,"featured_media":0,"parent":0,"menu_order":0,"comment_status":"closed","ping_status":"closed","template":"","meta":{"footnotes":""},"class_list":["post-7381","page","type-page","status-publish"],"yoast_head":"<!-- This site is optimized with the Yoast SEO plugin v27.3 - https:\/\/yoast.com\/product\/yoast-seo-wordpress\/ -->\n<title>Dzi\u0119kuj\u0119 - Pe\u0142na \u0142aski! - Sklep Szko\u0142a Ducha<\/title>\n<meta name=\"robots\" content=\"index, follow, max-snippet:-1, max-image-preview:large, max-video-preview:-1\" \/>\n<link rel=\"canonical\" href=\"https:\/\/szkoladucha.pl\/sklep\/dziekuje-pelna-laski\/\" \/>\n<meta property=\"og:locale\" content=\"pl_PL\" \/>\n<meta property=\"og:type\" content=\"article\" \/>\n<meta property=\"og:title\" content=\"Dzi\u0119kuj\u0119 - Pe\u0142na \u0142aski! - Sklep Szko\u0142a Ducha\" \/>\n<meta property=\"og:url\" content=\"https:\/\/szkoladucha.pl\/sklep\/dziekuje-pelna-laski\/\" \/>\n<meta property=\"og:site_name\" content=\"Sklep Szko\u0142a Ducha\" \/>\n<meta property=\"article:modified_time\" content=\"2022-11-17T11:24:13+00:00\" \/>\n<meta property=\"og:image\" content=\"https:\/\/szkoladucha.pl\/szkolenie\/wp-content\/uploads\/sites\/10\/2022\/08\/dr-Anna-Saj-zlote-logo-300x111.png\" \/>\n<meta name=\"twitter:card\" content=\"summary_large_image\" \/>\n<meta name=\"twitter:label1\" content=\"Szacowany czas czytania\" \/>\n\t<meta name=\"twitter:data1\" content=\"1 minuta\" \/>\n<script type=\"application\/ld+json\" class=\"yoast-schema-graph\">{\"@context\":\"https:\\\/\\\/schema.org\",\"@graph\":[{\"@type\":\"WebPage\",\"@id\":\"https:\\\/\\\/szkoladucha.pl\\\/sklep\\\/dziekuje-pelna-laski\\\/\",\"url\":\"https:\\\/\\\/szkoladucha.pl\\\/sklep\\\/dziekuje-pelna-laski\\\/\",\"name\":\"Dzi\u0119kuj\u0119 - Pe\u0142na \u0142aski! - Sklep Szko\u0142a Ducha\",\"isPartOf\":{\"@id\":\"https:\\\/\\\/szkoladucha.pl\\\/sklep\\\/#website\"},\"primaryImageOfPage\":{\"@id\":\"https:\\\/\\\/szkoladucha.pl\\\/sklep\\\/dziekuje-pelna-laski\\\/#primaryimage\"},\"image\":{\"@id\":\"https:\\\/\\\/szkoladucha.pl\\\/sklep\\\/dziekuje-pelna-laski\\\/#primaryimage\"},\"thumbnailUrl\":\"https:\\\/\\\/szkoladucha.pl\\\/szkolenie\\\/wp-content\\\/uploads\\\/sites\\\/10\\\/2022\\\/08\\\/dr-Anna-Saj-zlote-logo-300x111.png\",\"datePublished\":\"2022-11-17T11:24:12+00:00\",\"dateModified\":\"2022-11-17T11:24:13+00:00\",\"breadcrumb\":{\"@id\":\"https:\\\/\\\/szkoladucha.pl\\\/sklep\\\/dziekuje-pelna-laski\\\/#breadcrumb\"},\"inLanguage\":\"pl-PL\",\"potentialAction\":[{\"@type\":\"ReadAction\",\"target\":[\"https:\\\/\\\/szkoladucha.pl\\\/sklep\\\/dziekuje-pelna-laski\\\/\"]}]},{\"@type\":\"ImageObject\",\"inLanguage\":\"pl-PL\",\"@id\":\"https:\\\/\\\/szkoladucha.pl\\\/sklep\\\/dziekuje-pelna-laski\\\/#primaryimage\",\"url\":\"https:\\\/\\\/szkoladucha.pl\\\/szkolenie\\\/wp-content\\\/uploads\\\/sites\\\/10\\\/2022\\\/08\\\/dr-Anna-Saj-zlote-logo-300x111.png\",\"contentUrl\":\"https:\\\/\\\/szkoladucha.pl\\\/szkolenie\\\/wp-content\\\/uploads\\\/sites\\\/10\\\/2022\\\/08\\\/dr-Anna-Saj-zlote-logo-300x111.png\"},{\"@type\":\"BreadcrumbList\",\"@id\":\"https:\\\/\\\/szkoladucha.pl\\\/sklep\\\/dziekuje-pelna-laski\\\/#breadcrumb\",\"itemListElement\":[{\"@type\":\"ListItem\",\"position\":1,\"name\":\"Strona G\u0142\u00f3wna\",\"item\":\"https:\\\/\\\/szkoladucha.pl\\\/sklep\\\/\"},{\"@type\":\"ListItem\",\"position\":2,\"name\":\"Dzi\u0119kuj\u0119 &#8211; Pe\u0142na \u0142aski!\"}]},{\"@type\":\"WebSite\",\"@id\":\"https:\\\/\\\/szkoladucha.pl\\\/sklep\\\/#website\",\"url\":\"https:\\\/\\\/szkoladucha.pl\\\/sklep\\\/\",\"name\":\"Sklep Szko\u0142a Ducha\",\"description\":\"Budujemy spo\u0142ecze\u0144stwo, kt\u00f3re tak jak my, \u015bwiadomie post\u0119puje zgodnie z planem.\",\"publisher\":{\"@id\":\"https:\\\/\\\/szkoladucha.pl\\\/sklep\\\/#organization\"},\"potentialAction\":[{\"@type\":\"SearchAction\",\"target\":{\"@type\":\"EntryPoint\",\"urlTemplate\":\"https:\\\/\\\/szkoladucha.pl\\\/sklep\\\/?s={search_term_string}\"},\"query-input\":{\"@type\":\"PropertyValueSpecification\",\"valueRequired\":true,\"valueName\":\"search_term_string\"}}],\"inLanguage\":\"pl-PL\"},{\"@type\":\"Organization\",\"@id\":\"https:\\\/\\\/szkoladucha.pl\\\/sklep\\\/#organization\",\"name\":\"Sklep Szko\u0142a Ducha\",\"url\":\"https:\\\/\\\/szkoladucha.pl\\\/sklep\\\/\",\"logo\":{\"@type\":\"ImageObject\",\"inLanguage\":\"pl-PL\",\"@id\":\"https:\\\/\\\/szkoladucha.pl\\\/sklep\\\/#\\\/schema\\\/logo\\\/image\\\/\",\"url\":\"https:\\\/\\\/szkoladucha.pl\\\/sklep\\\/wp-content\\\/uploads\\\/sites\\\/9\\\/2022\\\/02\\\/Sklep_Szkola_Ducha-Logo.svg\",\"contentUrl\":\"https:\\\/\\\/szkoladucha.pl\\\/sklep\\\/wp-content\\\/uploads\\\/sites\\\/9\\\/2022\\\/02\\\/Sklep_Szkola_Ducha-Logo.svg\",\"width\":100,\"height\":100,\"caption\":\"Sklep Szko\u0142a Ducha\"},\"image\":{\"@id\":\"https:\\\/\\\/szkoladucha.pl\\\/sklep\\\/#\\\/schema\\\/logo\\\/image\\\/\"}}]}<\/script>\n<!-- \/ Yoast SEO plugin. -->","yoast_head_json":{"title":"Dzi\u0119kuj\u0119 - Pe\u0142na \u0142aski! - Sklep Szko\u0142a Ducha","robots":{"index":"index","follow":"follow","max-snippet":"max-snippet:-1","max-image-preview":"max-image-preview:large","max-video-preview":"max-video-preview:-1"},"canonical":"https:\/\/szkoladucha.pl\/sklep\/dziekuje-pelna-laski\/","og_locale":"pl_PL","og_type":"article","og_title":"Dzi\u0119kuj\u0119 - Pe\u0142na \u0142aski! - Sklep Szko\u0142a Ducha","og_url":"https:\/\/szkoladucha.pl\/sklep\/dziekuje-pelna-laski\/","og_site_name":"Sklep Szko\u0142a Ducha","article_modified_time":"2022-11-17T11:24:13+00:00","og_image":[{"url":"https:\/\/szkoladucha.pl\/szkolenie\/wp-content\/uploads\/sites\/10\/2022\/08\/dr-Anna-Saj-zlote-logo-300x111.png","type":"","width":"","height":""}],"twitter_card":"summary_large_image","twitter_misc":{"Szacowany czas czytania":"1 minuta"},"schema":{"@context":"https:\/\/schema.org","@graph":[{"@type":"WebPage","@id":"https:\/\/szkoladucha.pl\/sklep\/dziekuje-pelna-laski\/","url":"https:\/\/szkoladucha.pl\/sklep\/dziekuje-pelna-laski\/","name":"Dzi\u0119kuj\u0119 - Pe\u0142na \u0142aski! - Sklep Szko\u0142a Ducha","isPartOf":{"@id":"https:\/\/szkoladucha.pl\/sklep\/#website"},"primaryImageOfPage":{"@id":"https:\/\/szkoladucha.pl\/sklep\/dziekuje-pelna-laski\/#primaryimage"},"image":{"@id":"https:\/\/szkoladucha.pl\/sklep\/dziekuje-pelna-laski\/#primaryimage"},"thumbnailUrl":"https:\/\/szkoladucha.pl\/szkolenie\/wp-content\/uploads\/sites\/10\/2022\/08\/dr-Anna-Saj-zlote-logo-300x111.png","datePublished":"2022-11-17T11:24:12+00:00","dateModified":"2022-11-17T11:24:13+00:00","breadcrumb":{"@id":"https:\/\/szkoladucha.pl\/sklep\/dziekuje-pelna-laski\/#breadcrumb"},"inLanguage":"pl-PL","potentialAction":[{"@type":"ReadAction","target":["https:\/\/szkoladucha.pl\/sklep\/dziekuje-pelna-laski\/"]}]},{"@type":"ImageObject","inLanguage":"pl-PL","@id":"https:\/\/szkoladucha.pl\/sklep\/dziekuje-pelna-laski\/#primaryimage","url":"https:\/\/szkoladucha.pl\/szkolenie\/wp-content\/uploads\/sites\/10\/2022\/08\/dr-Anna-Saj-zlote-logo-300x111.png","contentUrl":"https:\/\/szkoladucha.pl\/szkolenie\/wp-content\/uploads\/sites\/10\/2022\/08\/dr-Anna-Saj-zlote-logo-300x111.png"},{"@type":"BreadcrumbList","@id":"https:\/\/szkoladucha.pl\/sklep\/dziekuje-pelna-laski\/#breadcrumb","itemListElement":[{"@type":"ListItem","position":1,"name":"Strona G\u0142\u00f3wna","item":"https:\/\/szkoladucha.pl\/sklep\/"},{"@type":"ListItem","position":2,"name":"Dzi\u0119kuj\u0119 &#8211; Pe\u0142na \u0142aski!"}]},{"@type":"WebSite","@id":"https:\/\/szkoladucha.pl\/sklep\/#website","url":"https:\/\/szkoladucha.pl\/sklep\/","name":"Sklep Szko\u0142a Ducha","description":"Budujemy spo\u0142ecze\u0144stwo, kt\u00f3re tak jak my, \u015bwiadomie post\u0119puje zgodnie z planem.","publisher":{"@id":"https:\/\/szkoladucha.pl\/sklep\/#organization"},"potentialAction":[{"@type":"SearchAction","target":{"@type":"EntryPoint","urlTemplate":"https:\/\/szkoladucha.pl\/sklep\/?s={search_term_string}"},"query-input":{"@type":"PropertyValueSpecification","valueRequired":true,"valueName":"search_term_string"}}],"inLanguage":"pl-PL"},{"@type":"Organization","@id":"https:\/\/szkoladucha.pl\/sklep\/#organization","name":"Sklep Szko\u0142a Ducha","url":"https:\/\/szkoladucha.pl\/sklep\/","logo":{"@type":"ImageObject","inLanguage":"pl-PL","@id":"https:\/\/szkoladucha.pl\/sklep\/#\/schema\/logo\/image\/","url":"https:\/\/szkoladucha.pl\/sklep\/wp-content\/uploads\/sites\/9\/2022\/02\/Sklep_Szkola_Ducha-Logo.svg","contentUrl":"https:\/\/szkoladucha.pl\/sklep\/wp-content\/uploads\/sites\/9\/2022\/02\/Sklep_Szkola_Ducha-Logo.svg","width":100,"height":100,"caption":"Sklep Szko\u0142a Ducha"},"image":{"@id":"https:\/\/szkoladucha.pl\/sklep\/#\/schema\/logo\/image\/"}}]}},"_links":{"self":[{"href":"https:\/\/szkoladucha.pl\/sklep\/wp-json\/wp\/v2\/pages\/7381","targetHints":{"allow":["GET"]}}],"collection":[{"href":"https:\/\/szkoladucha.pl\/sklep\/wp-json\/wp\/v2\/pages"}],"about":[{"href":"https:\/\/szkoladucha.pl\/sklep\/wp-json\/wp\/v2\/types\/page"}],"author":[{"embeddable":true,"href":"https:\/\/szkoladucha.pl\/sklep\/wp-json\/wp\/v2\/users\/22"}],"replies":[{"embeddable":true,"href":"https:\/\/szkoladucha.pl\/sklep\/wp-json\/wp\/v2\/comments?post=7381"}],"version-history":[{"count":0,"href":"https:\/\/szkoladucha.pl\/sklep\/wp-json\/wp\/v2\/pages\/7381\/revisions"}],"wp:attachment":[{"href":"https:\/\/szkoladucha.pl\/sklep\/wp-json\/wp\/v2\/media?parent=7381"}],"curies":[{"name":"wp","href":"https:\/\/api.w.org\/{rel}","templated":true}]}}