{"id":12326,"date":"2025-04-02T12:59:12","date_gmt":"2025-04-02T12:59:12","guid":{"rendered":"https:\/\/szkoladucha.pl\/sklep\/?post_type=product&#038;p=12326"},"modified":"2025-04-02T13:08:16","modified_gmt":"2025-04-02T13:08:16","slug":"e-book-uwolnij-napiecie-odnajdz-przyczyne-stresu","status":"publish","type":"product","link":"https:\/\/szkoladucha.pl\/sklep\/produkt\/e-book-uwolnij-napiecie-odnajdz-przyczyne-stresu\/","title":{"rendered":"E-book Uwolnij Napi\u0119cie. Odnajd\u017a przyczyn\u0119 stresu."},"content":{"rendered":"<h3 class=\"\" data-start=\"224\" data-end=\"284\">Uwolnij napi\u0119cie \u2013 e-book dla tych, kt\u00f3rzy chc\u0105 \u017cy\u0107 l\u017cej<\/h3>\n<p class=\"\" data-start=\"286\" data-end=\"651\">To nie jest kolejna ksi\u0105\u017cka do przeczytania i od\u0142o\u017cenia na p\u00f3\u0142k\u0119.<br data-start=\"351\" data-end=\"354\" \/>To <strong data-start=\"357\" data-end=\"382\">praktyczny przewodnik<\/strong>, kt\u00f3ry pomo\u017ce Ci krok po kroku zrozumie\u0107, sk\u0105d bierze si\u0119 napi\u0119cie w Twoim \u017cyciu \u2013 i co mo\u017cesz z tym zrobi\u0107.<br data-start=\"491\" data-end=\"494\" \/>Znajdziesz tu proste, skuteczne \u0107wiczenia, dzi\u0119ki kt\u00f3rym nauczysz si\u0119 lepiej rozumie\u0107 swoje emocje i <strong data-start=\"595\" data-end=\"648\">reagowa\u0107 spokojniej, bez wybuch\u00f3w i bez t\u0142umienia<\/strong>.<\/p>\n<p class=\"\" data-start=\"653\" data-end=\"1019\">Nie obiecuj\u0119 szybkich cud\u00f3w. Ale je\u015bli pozwolisz sobie zatrzyma\u0107 si\u0119 na chwil\u0119 i wej\u015b\u0107 w ten proces, zaczniesz zauwa\u017ca\u0107 r\u00f3\u017cnic\u0119:<br \/>\n<strong data-start=\"782\" data-end=\"846\">wi\u0119cej spokoju, wi\u0119cej lekko\u015bci, wi\u0119cej Ciebie w Twoim \u017cyciu<\/strong>.<br data-start=\"847\" data-end=\"850\" \/>Ten e-book pomo\u017ce Ci nie tylko \u201eprzetrwa\u0107 trudniejsze chwile\u201d, ale stworzy\u0107 now\u0105 jako\u015b\u0107 codzienno\u015bci \u2013 tak\u0105, w kt\u00f3rej to Ty jeste\u015b blisko siebie, a nie chaosu dooko\u0142a.<\/p>\n","protected":false},"excerpt":{"rendered":"<p>Ebook w formacie PDF.<\/p>\n","protected":false},"featured_media":12328,"comment_status":"open","ping_status":"closed","template":"","meta":[],"product_brand":[],"product_cat":[127,32],"product_tag":[],"class_list":{"0":"post-12326","1":"product","2":"type-product","3":"status-publish","4":"has-post-thumbnail","6":"product_cat-ebooki","7":"product_cat-ksiazki","8":"sales-flash-overlay","9":"woocommerce-text-align-left","10":"woocommerce-image-align-center","11":"do-quantity-buttons","13":"first","14":"instock","15":"downloadable","16":"virtual","17":"taxable","18":"purchasable","19":"product-type-simple"},"bundled_by":[],"bundle_stock_status":"instock","bundle_stock_quantity":null,"bundle_virtual":false,"bundle_layout":"","bundle_add_to_cart_form_location":"","bundle_editable_in_cart":false,"bundle_sold_individually_context":"","bundle_item_grouping":"","bundle_min_size":"","bundle_max_size":"","bundle_price":[],"bundled_items":[],"bundle_sell_ids":[],"yoast_head":"<!-- This site is optimized with the Yoast SEO plugin v27.3 - https:\/\/yoast.com\/product\/yoast-seo-wordpress\/ -->\n<title>E-book Uwolnij Napi\u0119cie. Odnajd\u017a przyczyn\u0119 stresu. - Sklep Szko\u0142a Ducha<\/title>\n<meta name=\"robots\" content=\"index, follow, max-snippet:-1, max-image-preview:large, max-video-preview:-1\" \/>\n<link rel=\"canonical\" href=\"https:\/\/szkoladucha.pl\/sklep\/produkt\/e-book-uwolnij-napiecie-odnajdz-przyczyne-stresu\/\" \/>\n<meta property=\"og:locale\" content=\"pl_PL\" \/>\n<meta property=\"og:type\" content=\"article\" \/>\n<meta property=\"og:title\" content=\"E-book Uwolnij Napi\u0119cie. Odnajd\u017a przyczyn\u0119 stresu. - Sklep Szko\u0142a Ducha\" \/>\n<meta property=\"og:description\" content=\"Ebook w formacie PDF.\" \/>\n<meta property=\"og:url\" content=\"https:\/\/szkoladucha.pl\/sklep\/produkt\/e-book-uwolnij-napiecie-odnajdz-przyczyne-stresu\/\" \/>\n<meta property=\"og:site_name\" content=\"Sklep Szko\u0142a Ducha\" \/>\n<meta property=\"article:modified_time\" content=\"2025-04-02T13:08:16+00:00\" \/>\n<meta property=\"og:image\" content=\"https:\/\/szkoladucha.b-cdn.net\/sklep\/wp-content\/uploads\/sites\/9\/2025\/04\/E-book-Uwolnij-Napiecie.jpg?x38177\" \/>\n\t<meta property=\"og:image:width\" content=\"512\" \/>\n\t<meta property=\"og:image:height\" content=\"800\" \/>\n\t<meta property=\"og:image:type\" content=\"image\/jpeg\" \/>\n<meta name=\"twitter:card\" content=\"summary_large_image\" \/>\n<meta name=\"twitter:label1\" content=\"Szacowany czas czytania\" \/>\n\t<meta name=\"twitter:data1\" content=\"1 minuta\" \/>\n<script type=\"application\/ld+json\" class=\"yoast-schema-graph\">{\"@context\":\"https:\\\/\\\/schema.org\",\"@graph\":[{\"@type\":\"WebPage\",\"@id\":\"https:\\\/\\\/szkoladucha.pl\\\/sklep\\\/produkt\\\/e-book-uwolnij-napiecie-odnajdz-przyczyne-stresu\\\/\",\"url\":\"https:\\\/\\\/szkoladucha.pl\\\/sklep\\\/produkt\\\/e-book-uwolnij-napiecie-odnajdz-przyczyne-stresu\\\/\",\"name\":\"E-book Uwolnij Napi\u0119cie. Odnajd\u017a przyczyn\u0119 stresu. - Sklep Szko\u0142a Ducha\",\"isPartOf\":{\"@id\":\"https:\\\/\\\/szkoladucha.pl\\\/sklep\\\/#website\"},\"primaryImageOfPage\":{\"@id\":\"https:\\\/\\\/szkoladucha.pl\\\/sklep\\\/produkt\\\/e-book-uwolnij-napiecie-odnajdz-przyczyne-stresu\\\/#primaryimage\"},\"image\":{\"@id\":\"https:\\\/\\\/szkoladucha.pl\\\/sklep\\\/produkt\\\/e-book-uwolnij-napiecie-odnajdz-przyczyne-stresu\\\/#primaryimage\"},\"thumbnailUrl\":\"https:\\\/\\\/szkoladucha.pl\\\/sklep\\\/wp-content\\\/uploads\\\/sites\\\/9\\\/2025\\\/04\\\/E-book-Uwolnij-Napiecie.jpg\",\"datePublished\":\"2025-04-02T12:59:12+00:00\",\"dateModified\":\"2025-04-02T13:08:16+00:00\",\"breadcrumb\":{\"@id\":\"https:\\\/\\\/szkoladucha.pl\\\/sklep\\\/produkt\\\/e-book-uwolnij-napiecie-odnajdz-przyczyne-stresu\\\/#breadcrumb\"},\"inLanguage\":\"pl-PL\",\"potentialAction\":[{\"@type\":\"ReadAction\",\"target\":[\"https:\\\/\\\/szkoladucha.pl\\\/sklep\\\/produkt\\\/e-book-uwolnij-napiecie-odnajdz-przyczyne-stresu\\\/\"]}]},{\"@type\":\"ImageObject\",\"inLanguage\":\"pl-PL\",\"@id\":\"https:\\\/\\\/szkoladucha.pl\\\/sklep\\\/produkt\\\/e-book-uwolnij-napiecie-odnajdz-przyczyne-stresu\\\/#primaryimage\",\"url\":\"https:\\\/\\\/szkoladucha.pl\\\/sklep\\\/wp-content\\\/uploads\\\/sites\\\/9\\\/2025\\\/04\\\/E-book-Uwolnij-Napiecie.jpg\",\"contentUrl\":\"https:\\\/\\\/szkoladucha.pl\\\/sklep\\\/wp-content\\\/uploads\\\/sites\\\/9\\\/2025\\\/04\\\/E-book-Uwolnij-Napiecie.jpg\",\"width\":512,\"height\":800},{\"@type\":\"BreadcrumbList\",\"@id\":\"https:\\\/\\\/szkoladucha.pl\\\/sklep\\\/produkt\\\/e-book-uwolnij-napiecie-odnajdz-przyczyne-stresu\\\/#breadcrumb\",\"itemListElement\":[{\"@type\":\"ListItem\",\"position\":1,\"name\":\"Strona G\u0142\u00f3wna\",\"item\":\"https:\\\/\\\/szkoladucha.pl\\\/sklep\\\/\"},{\"@type\":\"ListItem\",\"position\":2,\"name\":\"Wszystkie Produkty\",\"item\":\"https:\\\/\\\/szkoladucha.pl\\\/sklep\\\/\"},{\"@type\":\"ListItem\",\"position\":3,\"name\":\"E-book Uwolnij Napi\u0119cie. Odnajd\u017a przyczyn\u0119 stresu.\"}]},{\"@type\":\"WebSite\",\"@id\":\"https:\\\/\\\/szkoladucha.pl\\\/sklep\\\/#website\",\"url\":\"https:\\\/\\\/szkoladucha.pl\\\/sklep\\\/\",\"name\":\"Sklep Szko\u0142a Ducha\",\"description\":\"Budujemy spo\u0142ecze\u0144stwo, kt\u00f3re tak jak my, \u015bwiadomie post\u0119puje zgodnie z planem.\",\"publisher\":{\"@id\":\"https:\\\/\\\/szkoladucha.pl\\\/sklep\\\/#organization\"},\"potentialAction\":[{\"@type\":\"SearchAction\",\"target\":{\"@type\":\"EntryPoint\",\"urlTemplate\":\"https:\\\/\\\/szkoladucha.pl\\\/sklep\\\/?s={search_term_string}\"},\"query-input\":{\"@type\":\"PropertyValueSpecification\",\"valueRequired\":true,\"valueName\":\"search_term_string\"}}],\"inLanguage\":\"pl-PL\"},{\"@type\":\"Organization\",\"@id\":\"https:\\\/\\\/szkoladucha.pl\\\/sklep\\\/#organization\",\"name\":\"Sklep Szko\u0142a Ducha\",\"url\":\"https:\\\/\\\/szkoladucha.pl\\\/sklep\\\/\",\"logo\":{\"@type\":\"ImageObject\",\"inLanguage\":\"pl-PL\",\"@id\":\"https:\\\/\\\/szkoladucha.pl\\\/sklep\\\/#\\\/schema\\\/logo\\\/image\\\/\",\"url\":\"https:\\\/\\\/szkoladucha.pl\\\/sklep\\\/wp-content\\\/uploads\\\/sites\\\/9\\\/2022\\\/02\\\/Sklep_Szkola_Ducha-Logo.svg\",\"contentUrl\":\"https:\\\/\\\/szkoladucha.pl\\\/sklep\\\/wp-content\\\/uploads\\\/sites\\\/9\\\/2022\\\/02\\\/Sklep_Szkola_Ducha-Logo.svg\",\"width\":100,\"height\":100,\"caption\":\"Sklep Szko\u0142a Ducha\"},\"image\":{\"@id\":\"https:\\\/\\\/szkoladucha.pl\\\/sklep\\\/#\\\/schema\\\/logo\\\/image\\\/\"}}]}<\/script>\n<!-- \/ Yoast SEO plugin. -->","yoast_head_json":{"title":"E-book Uwolnij Napi\u0119cie. Odnajd\u017a przyczyn\u0119 stresu. - Sklep Szko\u0142a Ducha","robots":{"index":"index","follow":"follow","max-snippet":"max-snippet:-1","max-image-preview":"max-image-preview:large","max-video-preview":"max-video-preview:-1"},"canonical":"https:\/\/szkoladucha.pl\/sklep\/produkt\/e-book-uwolnij-napiecie-odnajdz-przyczyne-stresu\/","og_locale":"pl_PL","og_type":"article","og_title":"E-book Uwolnij Napi\u0119cie. Odnajd\u017a przyczyn\u0119 stresu. - Sklep Szko\u0142a Ducha","og_description":"Ebook w formacie PDF.","og_url":"https:\/\/szkoladucha.pl\/sklep\/produkt\/e-book-uwolnij-napiecie-odnajdz-przyczyne-stresu\/","og_site_name":"Sklep Szko\u0142a Ducha","article_modified_time":"2025-04-02T13:08:16+00:00","og_image":[{"width":512,"height":800,"url":"https:\/\/szkoladucha.b-cdn.net\/sklep\/wp-content\/uploads\/sites\/9\/2025\/04\/E-book-Uwolnij-Napiecie.jpg?x38177","type":"image\/jpeg"}],"twitter_card":"summary_large_image","twitter_misc":{"Szacowany czas czytania":"1 minuta"},"schema":{"@context":"https:\/\/schema.org","@graph":[{"@type":"WebPage","@id":"https:\/\/szkoladucha.pl\/sklep\/produkt\/e-book-uwolnij-napiecie-odnajdz-przyczyne-stresu\/","url":"https:\/\/szkoladucha.pl\/sklep\/produkt\/e-book-uwolnij-napiecie-odnajdz-przyczyne-stresu\/","name":"E-book Uwolnij Napi\u0119cie. Odnajd\u017a przyczyn\u0119 stresu. - Sklep Szko\u0142a Ducha","isPartOf":{"@id":"https:\/\/szkoladucha.pl\/sklep\/#website"},"primaryImageOfPage":{"@id":"https:\/\/szkoladucha.pl\/sklep\/produkt\/e-book-uwolnij-napiecie-odnajdz-przyczyne-stresu\/#primaryimage"},"image":{"@id":"https:\/\/szkoladucha.pl\/sklep\/produkt\/e-book-uwolnij-napiecie-odnajdz-przyczyne-stresu\/#primaryimage"},"thumbnailUrl":"https:\/\/szkoladucha.pl\/sklep\/wp-content\/uploads\/sites\/9\/2025\/04\/E-book-Uwolnij-Napiecie.jpg","datePublished":"2025-04-02T12:59:12+00:00","dateModified":"2025-04-02T13:08:16+00:00","breadcrumb":{"@id":"https:\/\/szkoladucha.pl\/sklep\/produkt\/e-book-uwolnij-napiecie-odnajdz-przyczyne-stresu\/#breadcrumb"},"inLanguage":"pl-PL","potentialAction":[{"@type":"ReadAction","target":["https:\/\/szkoladucha.pl\/sklep\/produkt\/e-book-uwolnij-napiecie-odnajdz-przyczyne-stresu\/"]}]},{"@type":"ImageObject","inLanguage":"pl-PL","@id":"https:\/\/szkoladucha.pl\/sklep\/produkt\/e-book-uwolnij-napiecie-odnajdz-przyczyne-stresu\/#primaryimage","url":"https:\/\/szkoladucha.pl\/sklep\/wp-content\/uploads\/sites\/9\/2025\/04\/E-book-Uwolnij-Napiecie.jpg","contentUrl":"https:\/\/szkoladucha.pl\/sklep\/wp-content\/uploads\/sites\/9\/2025\/04\/E-book-Uwolnij-Napiecie.jpg","width":512,"height":800},{"@type":"BreadcrumbList","@id":"https:\/\/szkoladucha.pl\/sklep\/produkt\/e-book-uwolnij-napiecie-odnajdz-przyczyne-stresu\/#breadcrumb","itemListElement":[{"@type":"ListItem","position":1,"name":"Strona G\u0142\u00f3wna","item":"https:\/\/szkoladucha.pl\/sklep\/"},{"@type":"ListItem","position":2,"name":"Wszystkie Produkty","item":"https:\/\/szkoladucha.pl\/sklep\/"},{"@type":"ListItem","position":3,"name":"E-book Uwolnij Napi\u0119cie. Odnajd\u017a przyczyn\u0119 stresu."}]},{"@type":"WebSite","@id":"https:\/\/szkoladucha.pl\/sklep\/#website","url":"https:\/\/szkoladucha.pl\/sklep\/","name":"Sklep Szko\u0142a Ducha","description":"Budujemy spo\u0142ecze\u0144stwo, kt\u00f3re tak jak my, \u015bwiadomie post\u0119puje zgodnie z planem.","publisher":{"@id":"https:\/\/szkoladucha.pl\/sklep\/#organization"},"potentialAction":[{"@type":"SearchAction","target":{"@type":"EntryPoint","urlTemplate":"https:\/\/szkoladucha.pl\/sklep\/?s={search_term_string}"},"query-input":{"@type":"PropertyValueSpecification","valueRequired":true,"valueName":"search_term_string"}}],"inLanguage":"pl-PL"},{"@type":"Organization","@id":"https:\/\/szkoladucha.pl\/sklep\/#organization","name":"Sklep Szko\u0142a Ducha","url":"https:\/\/szkoladucha.pl\/sklep\/","logo":{"@type":"ImageObject","inLanguage":"pl-PL","@id":"https:\/\/szkoladucha.pl\/sklep\/#\/schema\/logo\/image\/","url":"https:\/\/szkoladucha.pl\/sklep\/wp-content\/uploads\/sites\/9\/2022\/02\/Sklep_Szkola_Ducha-Logo.svg","contentUrl":"https:\/\/szkoladucha.pl\/sklep\/wp-content\/uploads\/sites\/9\/2022\/02\/Sklep_Szkola_Ducha-Logo.svg","width":100,"height":100,"caption":"Sklep Szko\u0142a Ducha"},"image":{"@id":"https:\/\/szkoladucha.pl\/sklep\/#\/schema\/logo\/image\/"}}]}},"_links":{"self":[{"href":"https:\/\/szkoladucha.pl\/sklep\/wp-json\/wp\/v2\/product\/12326","targetHints":{"allow":["GET"]}}],"collection":[{"href":"https:\/\/szkoladucha.pl\/sklep\/wp-json\/wp\/v2\/product"}],"about":[{"href":"https:\/\/szkoladucha.pl\/sklep\/wp-json\/wp\/v2\/types\/product"}],"replies":[{"embeddable":true,"href":"https:\/\/szkoladucha.pl\/sklep\/wp-json\/wp\/v2\/comments?post=12326"}],"wp:featuredmedia":[{"embeddable":true,"href":"https:\/\/szkoladucha.pl\/sklep\/wp-json\/wp\/v2\/media\/12328"}],"wp:attachment":[{"href":"https:\/\/szkoladucha.pl\/sklep\/wp-json\/wp\/v2\/media?parent=12326"}],"wp:term":[{"taxonomy":"product_brand","embeddable":true,"href":"https:\/\/szkoladucha.pl\/sklep\/wp-json\/wp\/v2\/product_brand?post=12326"},{"taxonomy":"product_cat","embeddable":true,"href":"https:\/\/szkoladucha.pl\/sklep\/wp-json\/wp\/v2\/product_cat?post=12326"},{"taxonomy":"product_tag","embeddable":true,"href":"https:\/\/szkoladucha.pl\/sklep\/wp-json\/wp\/v2\/product_tag?post=12326"}],"curies":[{"name":"wp","href":"https:\/\/api.w.org\/{rel}","templated":true}]}}