{"id":5249,"date":"2021-11-24T11:31:33","date_gmt":"2021-11-24T11:31:33","guid":{"rendered":"https:\/\/szkoladucha.pl\/sklep\/?post_type=product&#038;p=5249"},"modified":"2025-12-09T12:42:23","modified_gmt":"2025-12-09T12:42:23","slug":"audiobook-jezus-potezny-wojownik","status":"publish","type":"product","link":"https:\/\/szkoladucha.pl\/sklep\/produkt\/audiobook-jezus-potezny-wojownik\/","title":{"rendered":"Audiobook &#8211; Jezus Pot\u0119\u017cny Wojownik!"},"content":{"rendered":"<h2>Czy chcesz tego czy nie \u2013 walczysz.<\/h2>\n<p>W\u00a0tej\u00a0ksi\u0105\u017cce z\u00a0ka\u017cdej strony s\u0142ycha\u0107 okrzyk: Chwa\u0142a! S\u0142ycha\u0107 wo\u0142anie: Ko\u015bciele obud\u017a si\u0119 i\u00a0zacznij oddawa\u0107 Bogu chwa\u0142\u0119 tak\u0105, na\u00a0jak\u0105 zas\u0142uguje!<\/p>\n<p>Dla wielu ksi\u0105\u017cka ta b\u0119dzie rewolucj\u0105 w podej\u015bciu do uwielbienia i chwa\u0142y, jak\u0105 oddajemy Bogu w naszym \u017cyciu, ale te\u017c we wsp\u00f3lnotach i wreszcie w ca\u0142ym Ko\u015bciele. Wr\u00f3g oszuka\u0142 wielu wierz\u0105cych, i trzyma ich w stanie u\u015bpienia i ciszy, \u0142adnie i godnie wygl\u0105daj\u0105cych i \u015bpiewaj\u0105cych pi\u0119kne pie\u015bni o Bogu. Gdy jednak czytamy S\u0142owo Bo\u017ce w wielu miejscach, gdy opisywana jest chwa\u0142a, widzimy, \u017ce jest to radosna, entuzjastyczna i g\u0142o\u015bna cze\u015b\u0107, jak\u0105 lud oddaje Bogu.<\/p>\n<p>Maria Vadia przeprowadza nas przez ten temat z w\u0142a\u015bciw\u0105 sobie lekko\u015bci\u0105, prostot\u0105 i g\u0142\u0119bok\u0105 znajomo\u015bci\u0105 Pisma \u015awi\u0119tego. Je\u015bli chcesz wiedzie\u0107 czym jest chwa\u0142a halal i tehillah? Odkry\u0107 jak Izrael wielbi\u0142 swojego Boga? Co dzieje si\u0119 gdy lub Bo\u017cy oddaje chwa\u0142\u0119? Jak sam B\u00f3g lubi, aby Go wielbi\u0107? \u2013 si\u0119gnij po t\u0119 ksi\u0105\u017ck\u0119, a b\u0119dziesz zaskoczony!<\/p>\n<p>Niech zwyci\u0119stwo Jezusa \u2013 Pot\u0119\u017cnego Wojownika stanie si\u0119 tak\u017ce twoim udzia\u0142em!<\/p>\n","protected":false},"excerpt":{"rendered":"<p>Audiobook nagrany w formacie MP3 na p\u0142ycie CD.<\/p>\n","protected":false},"featured_media":5251,"comment_status":"open","ping_status":"closed","template":"","meta":[],"product_brand":[],"product_cat":[34],"product_tag":[],"class_list":{"0":"post-5249","1":"product","2":"type-product","3":"status-publish","4":"has-post-thumbnail","6":"product_cat-plyty","7":"pa_autor-maria-vadia","8":"pa_ilosc-stron-87","9":"pa_jezyk-oryginalu-angielski","10":"pa_rok-wydania-89","11":"pa_tytul-jezus-potezny-wojownik","12":"pa_tytul-oryginalny-jezus-potezny-wojownik","13":"pa_wydawnictwo-rhema","14":"pa_wymiary-produktu-147x204-mm","15":"sales-flash-overlay","16":"woocommerce-text-align-left","17":"woocommerce-image-align-center","18":"do-quantity-buttons","20":"first","21":"outofstock","22":"taxable","23":"shipping-taxable","24":"purchasable","25":"product-type-simple"},"bundled_by":[],"bundle_stock_status":"outofstock","bundle_stock_quantity":0,"bundle_virtual":false,"bundle_layout":"","bundle_add_to_cart_form_location":"","bundle_editable_in_cart":false,"bundle_sold_individually_context":"","bundle_item_grouping":"","bundle_min_size":"","bundle_max_size":"","bundle_price":[],"bundled_items":[],"bundle_sell_ids":[],"yoast_head":"<!-- This site is optimized with the Yoast SEO plugin v27.3 - https:\/\/yoast.com\/product\/yoast-seo-wordpress\/ -->\n<title>Audiobook - Jezus Pot\u0119\u017cny Wojownik! - Sklep Szko\u0142a Ducha<\/title>\n<meta name=\"robots\" content=\"index, follow, max-snippet:-1, max-image-preview:large, max-video-preview:-1\" \/>\n<link rel=\"canonical\" href=\"https:\/\/szkoladucha.pl\/sklep\/produkt\/audiobook-jezus-potezny-wojownik\/\" \/>\n<meta property=\"og:locale\" content=\"pl_PL\" \/>\n<meta property=\"og:type\" content=\"article\" \/>\n<meta property=\"og:title\" content=\"Audiobook - Jezus Pot\u0119\u017cny Wojownik! - Sklep Szko\u0142a Ducha\" \/>\n<meta property=\"og:description\" content=\"Audiobook nagrany w formacie MP3 na p\u0142ycie CD.\" \/>\n<meta property=\"og:url\" content=\"https:\/\/szkoladucha.pl\/sklep\/produkt\/audiobook-jezus-potezny-wojownik\/\" \/>\n<meta property=\"og:site_name\" content=\"Sklep Szko\u0142a Ducha\" \/>\n<meta property=\"article:modified_time\" content=\"2025-12-09T12:42:23+00:00\" \/>\n<meta property=\"og:image\" content=\"https:\/\/szkoladucha.pl\/sklep\/wp-content\/uploads\/sites\/9\/2021\/11\/Audiobook-Jezus-Potezny-Wojownik-okladka.jpg\" \/>\n\t<meta property=\"og:image:width\" content=\"1200\" \/>\n\t<meta property=\"og:image:height\" content=\"1200\" \/>\n\t<meta property=\"og:image:type\" content=\"image\/jpeg\" \/>\n<meta name=\"twitter:card\" content=\"summary_large_image\" \/>\n<meta name=\"twitter:label1\" content=\"Szacowany czas czytania\" \/>\n\t<meta name=\"twitter:data1\" content=\"2 minuty\" \/>\n<script type=\"application\/ld+json\" class=\"yoast-schema-graph\">{\"@context\":\"https:\\\/\\\/schema.org\",\"@graph\":[{\"@type\":\"WebPage\",\"@id\":\"https:\\\/\\\/szkoladucha.pl\\\/sklep\\\/produkt\\\/audiobook-jezus-potezny-wojownik\\\/\",\"url\":\"https:\\\/\\\/szkoladucha.pl\\\/sklep\\\/produkt\\\/audiobook-jezus-potezny-wojownik\\\/\",\"name\":\"Audiobook - Jezus Pot\u0119\u017cny Wojownik! - Sklep Szko\u0142a Ducha\",\"isPartOf\":{\"@id\":\"https:\\\/\\\/szkoladucha.pl\\\/sklep\\\/#website\"},\"primaryImageOfPage\":{\"@id\":\"https:\\\/\\\/szkoladucha.pl\\\/sklep\\\/produkt\\\/audiobook-jezus-potezny-wojownik\\\/#primaryimage\"},\"image\":{\"@id\":\"https:\\\/\\\/szkoladucha.pl\\\/sklep\\\/produkt\\\/audiobook-jezus-potezny-wojownik\\\/#primaryimage\"},\"thumbnailUrl\":\"https:\\\/\\\/szkoladucha.pl\\\/sklep\\\/wp-content\\\/uploads\\\/sites\\\/9\\\/2021\\\/11\\\/Audiobook-Jezus-Potezny-Wojownik-okladka.jpg\",\"datePublished\":\"2021-11-24T11:31:33+00:00\",\"dateModified\":\"2025-12-09T12:42:23+00:00\",\"breadcrumb\":{\"@id\":\"https:\\\/\\\/szkoladucha.pl\\\/sklep\\\/produkt\\\/audiobook-jezus-potezny-wojownik\\\/#breadcrumb\"},\"inLanguage\":\"pl-PL\",\"potentialAction\":[{\"@type\":\"ReadAction\",\"target\":[\"https:\\\/\\\/szkoladucha.pl\\\/sklep\\\/produkt\\\/audiobook-jezus-potezny-wojownik\\\/\"]}]},{\"@type\":\"ImageObject\",\"inLanguage\":\"pl-PL\",\"@id\":\"https:\\\/\\\/szkoladucha.pl\\\/sklep\\\/produkt\\\/audiobook-jezus-potezny-wojownik\\\/#primaryimage\",\"url\":\"https:\\\/\\\/szkoladucha.pl\\\/sklep\\\/wp-content\\\/uploads\\\/sites\\\/9\\\/2021\\\/11\\\/Audiobook-Jezus-Potezny-Wojownik-okladka.jpg\",\"contentUrl\":\"https:\\\/\\\/szkoladucha.pl\\\/sklep\\\/wp-content\\\/uploads\\\/sites\\\/9\\\/2021\\\/11\\\/Audiobook-Jezus-Potezny-Wojownik-okladka.jpg\",\"width\":1200,\"height\":1200,\"caption\":\"Audiobook Jezus Pot\u0119\u017cny Wojownik! Ok\u0142adka\"},{\"@type\":\"BreadcrumbList\",\"@id\":\"https:\\\/\\\/szkoladucha.pl\\\/sklep\\\/produkt\\\/audiobook-jezus-potezny-wojownik\\\/#breadcrumb\",\"itemListElement\":[{\"@type\":\"ListItem\",\"position\":1,\"name\":\"Strona G\u0142\u00f3wna\",\"item\":\"https:\\\/\\\/szkoladucha.pl\\\/sklep\\\/\"},{\"@type\":\"ListItem\",\"position\":2,\"name\":\"Wszystkie Produkty\",\"item\":\"https:\\\/\\\/szkoladucha.pl\\\/sklep\\\/\"},{\"@type\":\"ListItem\",\"position\":3,\"name\":\"Audiobook &#8211; Jezus Pot\u0119\u017cny Wojownik!\"}]},{\"@type\":\"WebSite\",\"@id\":\"https:\\\/\\\/szkoladucha.pl\\\/sklep\\\/#website\",\"url\":\"https:\\\/\\\/szkoladucha.pl\\\/sklep\\\/\",\"name\":\"Sklep Szko\u0142a Ducha\",\"description\":\"Budujemy spo\u0142ecze\u0144stwo, kt\u00f3re tak jak my, \u015bwiadomie post\u0119puje zgodnie z planem.\",\"publisher\":{\"@id\":\"https:\\\/\\\/szkoladucha.pl\\\/sklep\\\/#organization\"},\"potentialAction\":[{\"@type\":\"SearchAction\",\"target\":{\"@type\":\"EntryPoint\",\"urlTemplate\":\"https:\\\/\\\/szkoladucha.pl\\\/sklep\\\/?s={search_term_string}\"},\"query-input\":{\"@type\":\"PropertyValueSpecification\",\"valueRequired\":true,\"valueName\":\"search_term_string\"}}],\"inLanguage\":\"pl-PL\"},{\"@type\":\"Organization\",\"@id\":\"https:\\\/\\\/szkoladucha.pl\\\/sklep\\\/#organization\",\"name\":\"Sklep Szko\u0142a Ducha\",\"url\":\"https:\\\/\\\/szkoladucha.pl\\\/sklep\\\/\",\"logo\":{\"@type\":\"ImageObject\",\"inLanguage\":\"pl-PL\",\"@id\":\"https:\\\/\\\/szkoladucha.pl\\\/sklep\\\/#\\\/schema\\\/logo\\\/image\\\/\",\"url\":\"https:\\\/\\\/szkoladucha.pl\\\/sklep\\\/wp-content\\\/uploads\\\/sites\\\/9\\\/2022\\\/02\\\/Sklep_Szkola_Ducha-Logo.svg\",\"contentUrl\":\"https:\\\/\\\/szkoladucha.pl\\\/sklep\\\/wp-content\\\/uploads\\\/sites\\\/9\\\/2022\\\/02\\\/Sklep_Szkola_Ducha-Logo.svg\",\"width\":100,\"height\":100,\"caption\":\"Sklep Szko\u0142a Ducha\"},\"image\":{\"@id\":\"https:\\\/\\\/szkoladucha.pl\\\/sklep\\\/#\\\/schema\\\/logo\\\/image\\\/\"}}]}<\/script>\n<!-- \/ Yoast SEO plugin. -->","yoast_head_json":{"title":"Audiobook - Jezus Pot\u0119\u017cny Wojownik! - Sklep Szko\u0142a Ducha","robots":{"index":"index","follow":"follow","max-snippet":"max-snippet:-1","max-image-preview":"max-image-preview:large","max-video-preview":"max-video-preview:-1"},"canonical":"https:\/\/szkoladucha.pl\/sklep\/produkt\/audiobook-jezus-potezny-wojownik\/","og_locale":"pl_PL","og_type":"article","og_title":"Audiobook - Jezus Pot\u0119\u017cny Wojownik! - Sklep Szko\u0142a Ducha","og_description":"Audiobook nagrany w formacie MP3 na p\u0142ycie CD.","og_url":"https:\/\/szkoladucha.pl\/sklep\/produkt\/audiobook-jezus-potezny-wojownik\/","og_site_name":"Sklep Szko\u0142a Ducha","article_modified_time":"2025-12-09T12:42:23+00:00","og_image":[{"width":1200,"height":1200,"url":"https:\/\/szkoladucha.pl\/sklep\/wp-content\/uploads\/sites\/9\/2021\/11\/Audiobook-Jezus-Potezny-Wojownik-okladka.jpg","type":"image\/jpeg"}],"twitter_card":"summary_large_image","twitter_misc":{"Szacowany czas czytania":"2 minuty"},"schema":{"@context":"https:\/\/schema.org","@graph":[{"@type":"WebPage","@id":"https:\/\/szkoladucha.pl\/sklep\/produkt\/audiobook-jezus-potezny-wojownik\/","url":"https:\/\/szkoladucha.pl\/sklep\/produkt\/audiobook-jezus-potezny-wojownik\/","name":"Audiobook - Jezus Pot\u0119\u017cny Wojownik! - Sklep Szko\u0142a Ducha","isPartOf":{"@id":"https:\/\/szkoladucha.pl\/sklep\/#website"},"primaryImageOfPage":{"@id":"https:\/\/szkoladucha.pl\/sklep\/produkt\/audiobook-jezus-potezny-wojownik\/#primaryimage"},"image":{"@id":"https:\/\/szkoladucha.pl\/sklep\/produkt\/audiobook-jezus-potezny-wojownik\/#primaryimage"},"thumbnailUrl":"https:\/\/szkoladucha.pl\/sklep\/wp-content\/uploads\/sites\/9\/2021\/11\/Audiobook-Jezus-Potezny-Wojownik-okladka.jpg","datePublished":"2021-11-24T11:31:33+00:00","dateModified":"2025-12-09T12:42:23+00:00","breadcrumb":{"@id":"https:\/\/szkoladucha.pl\/sklep\/produkt\/audiobook-jezus-potezny-wojownik\/#breadcrumb"},"inLanguage":"pl-PL","potentialAction":[{"@type":"ReadAction","target":["https:\/\/szkoladucha.pl\/sklep\/produkt\/audiobook-jezus-potezny-wojownik\/"]}]},{"@type":"ImageObject","inLanguage":"pl-PL","@id":"https:\/\/szkoladucha.pl\/sklep\/produkt\/audiobook-jezus-potezny-wojownik\/#primaryimage","url":"https:\/\/szkoladucha.pl\/sklep\/wp-content\/uploads\/sites\/9\/2021\/11\/Audiobook-Jezus-Potezny-Wojownik-okladka.jpg","contentUrl":"https:\/\/szkoladucha.pl\/sklep\/wp-content\/uploads\/sites\/9\/2021\/11\/Audiobook-Jezus-Potezny-Wojownik-okladka.jpg","width":1200,"height":1200,"caption":"Audiobook Jezus Pot\u0119\u017cny Wojownik! Ok\u0142adka"},{"@type":"BreadcrumbList","@id":"https:\/\/szkoladucha.pl\/sklep\/produkt\/audiobook-jezus-potezny-wojownik\/#breadcrumb","itemListElement":[{"@type":"ListItem","position":1,"name":"Strona G\u0142\u00f3wna","item":"https:\/\/szkoladucha.pl\/sklep\/"},{"@type":"ListItem","position":2,"name":"Wszystkie Produkty","item":"https:\/\/szkoladucha.pl\/sklep\/"},{"@type":"ListItem","position":3,"name":"Audiobook &#8211; Jezus Pot\u0119\u017cny Wojownik!"}]},{"@type":"WebSite","@id":"https:\/\/szkoladucha.pl\/sklep\/#website","url":"https:\/\/szkoladucha.pl\/sklep\/","name":"Sklep Szko\u0142a Ducha","description":"Budujemy spo\u0142ecze\u0144stwo, kt\u00f3re tak jak my, \u015bwiadomie post\u0119puje zgodnie z planem.","publisher":{"@id":"https:\/\/szkoladucha.pl\/sklep\/#organization"},"potentialAction":[{"@type":"SearchAction","target":{"@type":"EntryPoint","urlTemplate":"https:\/\/szkoladucha.pl\/sklep\/?s={search_term_string}"},"query-input":{"@type":"PropertyValueSpecification","valueRequired":true,"valueName":"search_term_string"}}],"inLanguage":"pl-PL"},{"@type":"Organization","@id":"https:\/\/szkoladucha.pl\/sklep\/#organization","name":"Sklep Szko\u0142a Ducha","url":"https:\/\/szkoladucha.pl\/sklep\/","logo":{"@type":"ImageObject","inLanguage":"pl-PL","@id":"https:\/\/szkoladucha.pl\/sklep\/#\/schema\/logo\/image\/","url":"https:\/\/szkoladucha.pl\/sklep\/wp-content\/uploads\/sites\/9\/2022\/02\/Sklep_Szkola_Ducha-Logo.svg","contentUrl":"https:\/\/szkoladucha.pl\/sklep\/wp-content\/uploads\/sites\/9\/2022\/02\/Sklep_Szkola_Ducha-Logo.svg","width":100,"height":100,"caption":"Sklep Szko\u0142a Ducha"},"image":{"@id":"https:\/\/szkoladucha.pl\/sklep\/#\/schema\/logo\/image\/"}}]}},"_links":{"self":[{"href":"https:\/\/szkoladucha.pl\/sklep\/wp-json\/wp\/v2\/product\/5249","targetHints":{"allow":["GET"]}}],"collection":[{"href":"https:\/\/szkoladucha.pl\/sklep\/wp-json\/wp\/v2\/product"}],"about":[{"href":"https:\/\/szkoladucha.pl\/sklep\/wp-json\/wp\/v2\/types\/product"}],"replies":[{"embeddable":true,"href":"https:\/\/szkoladucha.pl\/sklep\/wp-json\/wp\/v2\/comments?post=5249"}],"wp:featuredmedia":[{"embeddable":true,"href":"https:\/\/szkoladucha.pl\/sklep\/wp-json\/wp\/v2\/media\/5251"}],"wp:attachment":[{"href":"https:\/\/szkoladucha.pl\/sklep\/wp-json\/wp\/v2\/media?parent=5249"}],"wp:term":[{"taxonomy":"product_brand","embeddable":true,"href":"https:\/\/szkoladucha.pl\/sklep\/wp-json\/wp\/v2\/product_brand?post=5249"},{"taxonomy":"product_cat","embeddable":true,"href":"https:\/\/szkoladucha.pl\/sklep\/wp-json\/wp\/v2\/product_cat?post=5249"},{"taxonomy":"product_tag","embeddable":true,"href":"https:\/\/szkoladucha.pl\/sklep\/wp-json\/wp\/v2\/product_tag?post=5249"}],"curies":[{"name":"wp","href":"https:\/\/api.w.org\/{rel}","templated":true}]}}